000
CDUS43 KILX 280727
CLIMTO

CLIMATE REPORT
NATIONAL WEATHER SERVICE LINCOLN IL
127 AM CST SAT NOV 28 2020

...................................

...THE MATTOON IL AIRPORT CLIMATE SUMMARY FOR NOVEMBER 27 2020...

CLIMATE NORMAL PERIOD 1981 TO 2010
CLIMATE RECORD PERIOD 9999 TO 9999


WEATHER ITEM   OBSERVED TIME   RECORD YEAR NORMAL DEPARTURE LAST
                VALUE   (LST)  VALUE       VALUE  FROM      YEAR
                                                  NORMAL
...................................................................
TEMPERATURE (F)
 YESTERDAY
  MAXIMUM         50    315 PM  MM      MM  46      4       58
  MINIMUM         31   1138 PM  MM      MM  31      0       33
  AVERAGE         41                        38      3       46

PRECIPITATION (IN)
  YESTERDAY        0.00         MM      MM   0.11  -0.11     0.25
  MONTH TO DATE    3.63                      3.15   0.48     0.71
  SINCE SEP 1      8.89                      9.05  -0.16     7.73
  SINCE JAN 1     32.73                     34.95  -2.22    32.86

DEGREE DAYS
 HEATING
  YESTERDAY       24                        27     -3       19
  MONTH TO DATE  430                       571   -141      719
  SINCE SEP 1    840                       970   -130     1052
  SINCE JUL 1    840                       975   -135     1052

 COOLING
  YESTERDAY        0                         0      0        0
  MONTH TO DATE    8                         0      8        0
  SINCE SEP 1    167                       137     30      271
  SINCE JAN 1   1191                      1057    134     1256
...................................................................


WIND (MPH)
  HIGHEST WIND SPEED    14   HIGHEST WIND DIRECTION    NW (330)
  HIGHEST GUST SPEED    18   HIGHEST GUST DIRECTION     W (290)
  AVERAGE WIND SPEED     7.5


SKY COVER
  POSSIBLE SUNSHINE  MM
  AVERAGE SKY COVER 0.5


WEATHER CONDITIONS
THE FOLLOWING WEATHER WAS RECORDED YESTERDAY.
  FOG


RELATIVE HUMIDITY (PERCENT)
 HIGHEST    97           700 AM
 LOWEST     77           300 PM
 AVERAGE    87

..........................................................


THE MATTOON IL AIRPORT CLIMATE NORMALS FOR TODAY
                         NORMAL    RECORD    YEAR
 MAXIMUM TEMPERATURE (F)   45        MM        MM
 MINIMUM TEMPERATURE (F)   30        MM        MM


SUNRISE AND SUNSET
NOVEMBER 28 2020......SUNRISE   652 AM CST   SUNSET   431 PM CST
NOVEMBER 29 2020......SUNRISE   653 AM CST   SUNSET   430 PM CST


-  INDICATES NEGATIVE NUMBERS.
R  INDICATES RECORD WAS SET OR TIED.
MM INDICATES DATA IS MISSING.
T  INDICATES TRACE AMOUNT.




$$
