172
CDUS43 KILX 122136
CLIMTO

CLIMATE REPORT
NATIONAL WEATHER SERVICE LINCOLN IL
436 PM CDT SAT JUN 12 2021

...................................

...THE MATTOON IL AIRPORT CLIMATE SUMMARY FOR JUNE 12 2021...
VALID TODAY AS OF 0400 PM LOCAL TIME.

CLIMATE NORMAL PERIOD 1991 TO 2020
CLIMATE RECORD PERIOD 9999 TO 9999


WEATHER ITEM   OBSERVED TIME   RECORD YEAR NORMAL DEPARTURE LAST
                VALUE   (LST)  VALUE       VALUE  FROM      YEAR
                                                  NORMAL
...................................................................
TEMPERATURE (F)
 TODAY
  MAXIMUM         95    259 PM  MM      MM  82     13       88
  MINIMUM         70    424 AM  MM      MM  62      8       66
  AVERAGE         83                        72     11       77

PRECIPITATION (IN)
  TODAY            0.00         MM      MM   0.17  -0.17     0.00
  MONTH TO DATE    0.44                      1.80  -1.36     0.09
  SINCE JUN 1      0.44                      1.80  -1.36     0.09
  SINCE JAN 1     15.60                     15.87  -0.27    16.22

DEGREE DAYS
 HEATING
  TODAY            0                         0      0        0
  MONTH TO DATE    0                         8     -8        0
  SINCE JUN 1      0                         8     -8        0
  SINCE JUL 1   5151                      5293   -142     5083

 COOLING
  TODAY           18                         8     10       12
  MONTH TO DATE  114                        78     36      118
  SINCE JUN 1    114                        78     36      118
  SINCE JAN 1    214                       184     30      203
...................................................................


WIND (MPH)
  HIGHEST WIND SPEED    12   HIGHEST WIND DIRECTION    NW (310)
  HIGHEST GUST SPEED    16   HIGHEST GUST DIRECTION    NW (300)
  AVERAGE WIND SPEED     3.3


SKY COVER
  POSSIBLE SUNSHINE  MM
  AVERAGE SKY COVER 0.1


WEATHER CONDITIONS
THE FOLLOWING WEATHER WAS RECORDED TODAY.
  LIGHT RAIN


RELATIVE HUMIDITY (PERCENT)
 HIGHEST    93           200 AM
 LOWEST     43           300 PM
 AVERAGE    68

..........................................................


THE MATTOON IL AIRPORT CLIMATE NORMALS FOR TOMORROW
                         NORMAL    RECORD    YEAR
 MAXIMUM TEMPERATURE (F)   82        MM        MM
 MINIMUM TEMPERATURE (F)   63        MM        MM


SUNRISE AND SUNSET
JUNE 12 2021..........SUNRISE   525 AM CDT   SUNSET   821 PM CDT
JUNE 13 2021..........SUNRISE   525 AM CDT   SUNSET   821 PM CDT


-  INDICATES NEGATIVE NUMBERS.
R  INDICATES RECORD WAS SET OR TIED.
MM INDICATES DATA IS MISSING.
T  INDICATES TRACE AMOUNT.




$$
