413
CDUS45 KBOI 280932
CLIMUO

CLIMATE REPORT
NATIONAL WEATHER SERVICE BOISE ID
232 AM MST SAT NOV 28 2020

...................................

...THE MOUNTAIN HOME AFB CLIMATE SUMMARY FOR NOVEMBER 27 2020...

CLIMATE NORMAL PERIOD 1981 TO 2010
CLIMATE RECORD PERIOD 1906 TO 2020


WEATHER ITEM   OBSERVED RECORD YEAR NORMAL DEPARTURE LAST
                VALUE   VALUE       VALUE  FROM      YEAR
                                           NORMAL
............................................................
TEMPERATURE (F)
 YESTERDAY
  MAXIMUM         40     72    1949  42     -2       41
  MINIMUM         20    -10    1919  24     -4       28
  AVERAGE         30                 34     -4       35

PRECIPITATION (IN)
  YESTERDAY        0.00   0.70 1962   0.04  -0.04     0.04
  MONTH TO DATE    0.61               1.12  -0.51     0.06
  SINCE OCT 1      0.89               1.93  -1.04     0.31
  SINCE JAN 1      4.75               8.85  -4.10     4.35

DEGREE DAYS
 HEATING
  YESTERDAY       35                 31      4       30
  MONTH TO DATE  697                689      8      694
  SINCE SEP 1   1156               1226    -70     1508
  SINCE JUL 1   1160               1240    -80     1508

 COOLING
  YESTERDAY        0                  0      0        0
  MONTH TO DATE    0                  0      0        0
  SINCE SEP 1    109                 92     17       86
  SINCE JAN 1    965                913     52      786
............................................................


THE MOUNTAIN HOME AFB CLIMATE NORMALS FOR TODAY
                         NORMAL    RECORD    YEAR
 MAXIMUM TEMPERATURE (F)   42        64      1953
 MINIMUM TEMPERATURE (F)   24        -8      1919


SUNRISE AND SUNSET
NOVEMBER 28 2020......SUNRISE   752 AM MST   SUNSET   511 PM MST
NOVEMBER 29 2020......SUNRISE   754 AM MST   SUNSET   510 PM MST


-  INDICATES NEGATIVE NUMBERS.
R  INDICATES RECORD WAS SET OR TIED.
MM INDICATES DATA IS MISSING.
T  INDICATES TRACE AMOUNT.




$$
