000
CDUS41 KBTV 260533
CLIMVL

CLIMATE REPORT
NATIONAL WEATHER SERVICE BURLINGTON VT
1233 AM EST THU NOV 26 2020

...................................

...THE MORRISVILLE VT CLIMATE SUMMARY FOR NOVEMBER 25 2020...

CLIMATE NORMAL PERIOD: 1981 TO 2010
CLIMATE RECORD PERIOD: 9999 TO 9999


WEATHER ITEM   OBSERVED TIME   NORMAL DEPARTURE LAST
                VALUE   (LST)  VALUE  FROM      YEAR
                                      NORMAL
.......................................................
TEMPERATURE (F)
 YESTERDAY
  MAXIMUM         33  11:59 PM  40     -7       46
  MINIMUM         17  12:01 AM  23     -6       25
  AVERAGE         25            31     -6       36

PRECIPITATION (IN)
  YESTERDAY        0.03          0.10  -0.07     0.00
  MONTH TO DATE    1.42          2.58  -1.16     1.38
  SINCE SEP 1      7.87          9.06  -1.19    13.18
  SINCE JAN 1     32.29         32.82  -0.53    40.41

DEGREE DAYS
 HEATING
  YESTERDAY       40            34      6       29
  MONTH TO DATE  664           723    -59      893
  SINCE SEP 1   1471          1559    -88     1647
  SINCE JUL 1   1519          1654   -135     1712

 COOLING
  YESTERDAY        0             0      0        0
  MONTH TO DATE    0             0      0        0
  SINCE SEP 1     23            18      5       11
  SINCE JAN 1    455           265    190      254
.......................................................


WIND (MPH)
  HIGHEST WIND SPEED    12   HIGHEST WIND DIRECTION    SW (210)
  HIGHEST GUST SPEED    14   HIGHEST GUST DIRECTION    SW (220)
  AVERAGE WIND SPEED     3.6


SKY COVER
  AVERAGE SKY COVER 0.9


WEATHER CONDITIONS
THE FOLLOWING WEATHER WAS RECORDED YESTERDAY.
  SNOW
  LIGHT SNOW
  FOG


RELATIVE HUMIDITY (PERCENT)
 HIGHEST    92           8:00 PM
 LOWEST     65           5:00 AM
 AVERAGE    79

..........................................................


THE MORRISVILLE VT CLIMATE NORMALS FOR TODAY
                         NORMAL    RECORD    YEAR
 MAXIMUM TEMPERATURE (F)   40        57      1999
 MINIMUM TEMPERATURE (F)   22        11      2012


SUNRISE AND SUNSET
NOVEMBER 26 2020......SUNRISE   7:02 AM EST   SUNSET   4:14 PM EST
NOVEMBER 27 2020......SUNRISE   7:03 AM EST   SUNSET   4:13 PM EST


-  INDICATES NEGATIVE NUMBERS.
R  INDICATES RECORD WAS SET OR TIED.
MM INDICATES DATA IS MISSING.
T  INDICATES TRACE AMOUNT.




$$
