000
CDUS46 KSGX 041015
CLIMYF


CLIMATE REPORT
NATIONAL WEATHER SERVICE SAN DIEGO, CA
215 AM PST FRI DEC 4 2020


...................................

...THE SAN DIEGO/MONTGOMERY FLD CA CLIMATE SUMMARY FOR DECEMBER 3 2020...

CLIMATE NORMAL PERIOD 1981 TO 2010
CLIMATE RECORD PERIOD 1998 TO 2020


WEATHER ITEM   OBSERVED TIME   RECORD YEAR NORMAL DEPARTURE LAST
                VALUE   (LST)  VALUE       VALUE  FROM      YEAR
                                                  NORMAL
..................................................................
TEMPERATURE (F)
 YESTERDAY
  MAXIMUM         73    222 PM  79    2015  66      7       68
  MINIMUM         47   1148 PM  38    2004  46      1       51
  AVERAGE         60                        56      4       60

PRECIPITATION (IN)
  YESTERDAY        0.00          0.30 2014   0.03  -0.03      T
  MONTH TO DATE    0.00                      0.08  -0.08      T
  SINCE OCT 1      0.88                      2.29  -1.41     2.47
  SINCE JAN 1      8.47                     10.96  -2.49    11.70

DEGREE DAYS
 HEATING
  YESTERDAY        5                         9     -4        5
  MONTH TO DATE   11                        26    -15       18
  SINCE DEC 1     11                        26    -15       18
  SINCE JUL 1    145                       238    -93      120

 COOLING
  YESTERDAY        0                         0      0        0
  MONTH TO DATE    0                         0      0        0
  SINCE DEC 1      0                         0      0        0
  SINCE JAN 1   1639                       842    797      897
..................................................................


WIND (MPH)
  RESULTANT WIND SPEED   1   RESULTANT WIND DIRECTION  NE (50)
  HIGHEST WIND SPEED    16   HIGHEST WIND DIRECTION     E (70)
  HIGHEST GUST SPEED    22   HIGHEST GUST DIRECTION     E (80)
  AVERAGE WIND SPEED     4.5


SKY COVER
  POSSIBLE SUNSHINE  MM
  AVERAGE SKY COVER 0.0


WEATHER CONDITIONS
 THE FOLLOWING WEATHER WAS RECORDED YESTERDAY.
  NO SIGNIFICANT WEATHER WAS OBSERVED.


RELATIVE HUMIDITY (PERCENT)
 HIGHEST    41           900 PM
 LOWEST     27           100 PM
 AVERAGE    34

..........................................................


THE SAN DIEGO/MONTGOMERY FLD CA CLIMATE NORMALS FOR TODAY
                         NORMAL    RECORD    YEAR
 MAXIMUM TEMPERATURE (F)   66        77      2007
 MINIMUM TEMPERATURE (F)   46        38      1999


SUNRISE AND SUNSET
DECEMBER  4 2020......SUNRISE   636 AM PST   SUNSET   442 PM PST
DECEMBER  5 2020......SUNRISE   637 AM PST   SUNSET   442 PM PST


-  INDICATES NEGATIVE NUMBERS.
R  INDICATES RECORD WAS SET OR TIED.
MM INDICATES DATA IS MISSING.
T  INDICATES TRACE AMOUNT.




$$
