000
CDUS45 KBOI 130931
CLIMYL

CLIMATE REPORT
NATIONAL WEATHER SERVICE BOISE ID
331 AM MDT SUN JUN 13 2021

...................................

...THE MCCALL ID CLIMATE SUMMARY FOR JUNE 12 2021...

CLIMATE NORMAL PERIOD 1991 TO 2020
CLIMATE RECORD PERIOD 1930 TO 2021


WEATHER ITEM   OBSERVED TIME   RECORD YEAR NORMAL DEPARTURE LAST
                VALUE   (LST)  VALUE       VALUE  FROM      YEAR
                                                  NORMAL
...................................................................
TEMPERATURE (F)
 YESTERDAY
  MAXIMUM         70    645 PM  91    1974  67      3       78
  MINIMUM         47    522 AM  24    1926  41      6       46
  AVERAGE         59                        54      5       62

PRECIPITATION (IN)
  YESTERDAY        0.00          0.94 1907   0.07  -0.07     0.00
  MONTH TO DATE    0.74                      1.05  -0.31     1.84
  SINCE OCT 1     17.68                     20.00  -2.32    20.49
  SINCE JAN 1     11.79                     13.27  -1.48    15.96

DEGREE DAYS
 HEATING
  YESTERDAY        6                        11     -5        3
  MONTH TO DATE   98                       147    -49      143
  SINCE JUN 1     98                       147    -49      143
  SINCE JUL 1   8513                      8515     -2     8529

 COOLING
  YESTERDAY        0                         0      0        0
  MONTH TO DATE    8                         0      8        0
  SINCE JUN 1      8                         0      8        0
  SINCE JAN 1      8                         0      8        8
...................................................................


WIND (MPH)
  HIGHEST WIND SPEED    16   HIGHEST WIND DIRECTION     S (180)
  HIGHEST GUST SPEED    23   HIGHEST GUST DIRECTION     S (160)
  AVERAGE WIND SPEED     4.6


SKY COVER
  AVERAGE SKY COVER 0.5


WEATHER CONDITIONS
THE FOLLOWING WEATHER WAS RECORDED YESTERDAY.
  NO SIGNIFICANT WEATHER WAS OBSERVED.


RELATIVE HUMIDITY (PERCENT)
 HIGHEST    77           500 AM
 LOWEST     34           300 PM
 AVERAGE    56

..........................................................


THE MCCALL ID CLIMATE NORMALS FOR TODAY
                         NORMAL    RECORD    YEAR
 MAXIMUM TEMPERATURE (F)   68        89      1940
 MINIMUM TEMPERATURE (F)   41        25      2005


SUNRISE AND SUNSET
JUNE 13 2021..........SUNRISE   558 AM MDT   SUNSET   932 PM MDT
JUNE 14 2021..........SUNRISE   558 AM MDT   SUNSET   932 PM MDT


-  INDICATES NEGATIVE NUMBERS.
R  INDICATES RECORD WAS SET OR TIED.
MM INDICATES DATA IS MISSING.
T  INDICATES TRACE AMOUNT.




$$
