000
CDUS45 KBOI 290120
CLIMYL

CLIMATE REPORT
NATIONAL WEATHER SERVICE BOISE ID
620 PM MST SAT NOV 28 2020

...................................

...THE MCCALL ID CLIMATE SUMMARY FOR NOVEMBER 28 2020...
VALID TODAY AS OF 0600 PM LOCAL TIME.

CLIMATE NORMAL PERIOD 1981 TO 2010
CLIMATE RECORD PERIOD 1930 TO 2020


WEATHER ITEM   OBSERVED TIME   RECORD YEAR NORMAL DEPARTURE LAST
                VALUE   (LST)  VALUE       VALUE  FROM      YEAR
                                                  NORMAL
...................................................................
TEMPERATURE (F)
 TODAY
  MAXIMUM         29    326 PM  50    1927  31     -2       29
                                      1936
  MINIMUM          3   1259 AM -10    2006  15    -12        7
  AVERAGE         16                        23     -7       18

PRECIPITATION (IN)
  TODAY            0.00          1.25 1917   0.06  -0.06     0.00
  MONTH TO DATE    2.67                      2.56   0.11     0.36
  SINCE OCT 1      3.83                      3.96  -0.13     1.81
  SINCE JAN 1     22.46                     17.88   4.58    25.53

DEGREE DAYS
 HEATING
  TODAY           49                        42      7       47
  MONTH TO DATE 1002                      1010     -8      879
  SINCE SEP 1   1905                      2225   -320     2134
  SINCE JUL 1   2057                      2553   -496     2249

 COOLING
  TODAY            0                         0      0        0
  MONTH TO DATE    0                         0      0        0
  SINCE SEP 1      6                         0      6        9
  SINCE JAN 1    135                        25    110      122
...................................................................


WIND (MPH)
  HIGHEST WIND SPEED     7   HIGHEST WIND DIRECTION     W (250)
  HIGHEST GUST SPEED     8   HIGHEST GUST DIRECTION     W (250)
  AVERAGE WIND SPEED     1.4


RELATIVE HUMIDITY (PERCENT)
 HIGHEST   100           900 AM
 LOWEST     76          1200 AM
 AVERAGE    88

..........................................................


THE MCCALL ID CLIMATE NORMALS FOR TOMORROW
                         NORMAL    RECORD    YEAR
 MAXIMUM TEMPERATURE (F)   30        50      1932
                                             1999
 MINIMUM TEMPERATURE (F)   15       -15      2006


SUNRISE AND SUNSET
NOVEMBER 28 2020......SUNRISE   759 AM MST   SUNSET   506 PM MST
NOVEMBER 29 2020......SUNRISE   800 AM MST   SUNSET   505 PM MST


-  INDICATES NEGATIVE NUMBERS.
R  INDICATES RECORD WAS SET OR TIED.
MM INDICATES DATA IS MISSING.
T  INDICATES TRACE AMOUNT.




$$
