000
CDUS43 KBIS 130022
CLIN60

CLIMATE REPORT
NATIONAL WEATHER SERVICE BISMARCK, ND
722 PM CDT SAT JUN 12 2021

...................................

...THE GARRISON (AMOS) ND CLIMATE SUMMARY FOR JUNE 12 2021...
VALID TODAY AS OF 0500 PM LOCAL TIME.

CLIMATE NORMAL PERIOD: 1991 TO 2020
CLIMATE RECORD PERIOD: 9999 TO 9999


WEATHER ITEM   OBSERVED TIME   RECORD YEAR NORMAL DEPARTURE LAST
                VALUE   (LST)  VALUE       VALUE  FROM      YEAR
                                                  NORMAL
...................................................................
TEMPERATURE (F)
 TODAY
  MAXIMUM         84   3:29 PM  MM      MM  73     11       77
  MINIMUM         50   4:49 AM  MM      MM  51     -1       52
  AVERAGE         67                        62      5       65

PRECIPITATION (IN)
  TODAY            0.00         MM      MM   0.13  -0.13     0.00
  MONTH TO DATE    0.67                      1.54  -0.87     0.70
  SINCE JUN 1      0.67                      1.54  -0.87     0.70
  SINCE JAN 1      3.50                      7.21  -3.71     3.39

DEGREE DAYS
 HEATING
  TODAY            0                         4     -4        0
  MONTH TO DATE    1                        62    -61       22
  SINCE JUN 1      1                        62    -61       22
  SINCE JUL 1   8268                      9012   -744     9002

 COOLING
  TODAY            2                         1      1        0
  MONTH TO DATE   89                        12     77       16
  SINCE JUN 1     89                        12     77       16
  SINCE JAN 1     94                        20     74       30
...................................................................


WIND (MPH)
  RESULTANT WIND SPEED   9   RESULTANT WIND DIRECTION   W (250)
  HIGHEST WIND SPEED    18   HIGHEST WIND DIRECTION    SW (240)
  HIGHEST GUST SPEED    23   HIGHEST GUST DIRECTION     W (250)
  AVERAGE WIND SPEED     9.9


SKY COVER
  POSSIBLE SUNSHINE  MM
  AVERAGE SKY COVER 0.0


WEATHER CONDITIONS
THE FOLLOWING WEATHER WAS RECORDED TODAY.
  NO SIGNIFICANT WEATHER WAS OBSERVED.


RELATIVE HUMIDITY (PERCENT)
 HIGHEST    74           5:00 AM
 LOWEST     22           4:00 PM
 AVERAGE    48

..........................................................


THE GARRISON (AMOS) ND CLIMATE NORMALS FOR TOMORROW
                         NORMAL    RECORD    YEAR
 MAXIMUM TEMPERATURE (F)   73        MM        MM
 MINIMUM TEMPERATURE (F)   51        MM        MM


SUNRISE AND SUNSET
JUNE 12 2021..........SUNRISE   5:47 AM CDT   SUNSET   9:44 PM CDT
JUNE 13 2021..........SUNRISE   5:47 AM CDT   SUNSET   9:44 PM CDT


-  INDICATES NEGATIVE NUMBERS.
R  INDICATES RECORD WAS SET OR TIED.
MM INDICATES DATA IS MISSING.
T  INDICATES TRACE AMOUNT.




$$
