000
CDUS44 KLIX 040850
CLINEW

CLIMATE REPORT
NATIONAL WEATHER SERVICE NEW ORLEANS
250 AM CST FRI DEC 04 2020

...................................

...THE NEW ORLEANS CLIMATE SUMMARY FOR DECEMBER 3 2020...

CLIMATE NORMAL PERIOD: 1981 TO 2010
CLIMATE RECORD PERIOD: 1946 TO 2020


WEATHER ITEM   OBSERVED TIME   RECORD YEAR NORMAL DEPARTURE LAST
                VALUE   (LST)  VALUE       VALUE  FROM      YEAR
                                                  NORMAL
...................................................................
TEMPERATURE (F)
 YESTERDAY
  MAXIMUM         77   2:00 PM  84    1978  67     10       59
  MINIMUM         57  11:59 PM  25    1974  49      8       41
  AVERAGE         67                        58      9       50

PRECIPITATION (IN)
  YESTERDAY        0.44          6.47 1990   0.17   0.27     0.00
  MONTH TO DATE    0.44                      0.50  M0.06      T
  SINCE DEC 1      0.44                      0.50  M0.06      T
  SINCE JAN 1     68.13                     57.71  10.42    59.70

SNOWFALL (IN)
  YESTERDAY        0.0
  MONTH TO DATE    0.0
  SINCE DEC 1      0.0
  SINCE JUL 1      0.0
  SNOW DEPTH      MM

DEGREE DAYS
 HEATING
  YESTERDAY        0                         8     M8       15
  MONTH TO DATE   33                        24      9       27
  SINCE DEC 1     33                        24      9       27
  SINCE JUL 1     86                       188   M102      202

 COOLING
  YESTERDAY        2                         1      1        0
  MONTH TO DATE    2                         3     M1        1
  SINCE DEC 1      2                         3     M1        1
  SINCE JAN 1   3720                      2981    739     3644
...................................................................


WIND (MPH)
  HIGHEST WIND SPEED    22   HIGHEST WIND DIRECTION    SE (140)
  HIGHEST GUST SPEED    26   HIGHEST GUST DIRECTION    SE (150)
  AVERAGE WIND SPEED     9.9


SKY COVER
  POSSIBLE SUNSHINE  MM
  AVERAGE SKY COVER 0.8


WEATHER CONDITIONS
THE FOLLOWING WEATHER WAS RECORDED YESTERDAY.
  RAIN
  LIGHT RAIN
  FOG


RELATIVE HUMIDITY (PERCENT)
 HIGHEST    89          11:00 PM
 LOWEST     62           2:00 PM
 AVERAGE    76

..........................................................


THE NEW ORLEANS CLIMATE NORMALS FOR TODAY
                         NORMAL    RECORD    YEAR
 MAXIMUM TEMPERATURE (F)   67        82      1995
 MINIMUM TEMPERATURE (F)   49        30      1974
                                             1976


SUNRISE AND SUNSET
DECEMBER  4 2020......SUNRISE   6:42 AM CST   SUNSET   5:01 PM CST
DECEMBER  5 2020......SUNRISE   6:43 AM CST   SUNSET   5:01 PM CST


M  INDICATES NEGATIVE NUMBERS.
R  INDICATES RECORD WAS SET OR TIED.
MM INDICATES DATA IS MISSING.
T  INDICATES TRACE AMOUNT.




$$
