000
CDUS41 KOKX 130626
CLINYC

CLIMATE REPORT
NATIONAL WEATHER SERVICE NEW YORK, NY
226 AM EDT SUN JUN 13 2021

...................................

...THE CENTRAL PARK NY CLIMATE SUMMARY FOR JUNE 12 2021...

CLIMATE NORMAL PERIOD 1991 TO 2020
CLIMATE RECORD PERIOD 1869 TO 2021


WEATHER ITEM   OBSERVED TIME   RECORD YEAR NORMAL DEPARTURE LAST
                VALUE   (LST)  VALUE       VALUE  FROM      YEAR
                                                  NORMAL
...................................................................
TEMPERATURE (F)
 YESTERDAY
  MAXIMUM         69    507 PM  93    1933  79    -10       85
                                      1973
                                      2017
  MINIMUM         62   1158 PM  48    1979  63     -1       69
  AVERAGE         66                        71     -5       77

PRECIPITATION (IN)
  YESTERDAY        0.00          2.18 1903   0.17  -0.17     0.00
                                      1910
  MONTH TO DATE    1.32                      1.98  -0.66     0.98
  SINCE JUN 1      1.32                      1.98  -0.66     0.98
  SINCE JAN 1     19.22                     21.15  -1.93    15.37

SNOWFALL (IN)
  YESTERDAY        0.0           0.0  2001   0.0    0.0      0.0
                                      2002
  MONTH TO DATE    0.0                       0.0    0.0      0.0
  SINCE JUN 1      0.0                       0.0    0.0      0.0
  SINCE JUL 1     38.6                      29.8    8.8      4.8
  SNOW DEPTH       0

DEGREE DAYS
 HEATING
  YESTERDAY        0                         0      0        0
  MONTH TO DATE    0                        12    -12        4
  SINCE JUN 1      0                        12    -12        4
  SINCE JUL 1   4233                      4550   -317     4275

 COOLING
  YESTERDAY        1                         6     -5       12
  MONTH TO DATE  109                        63     46       95
  SINCE JUN 1    109                        63     46       95
  SINCE JAN 1    196                       144     52      139
...................................................................


WIND (MPH)
  HIGHEST WIND SPEED    12   HIGHEST WIND DIRECTION    NE (60)
  HIGHEST GUST SPEED    16   HIGHEST GUST DIRECTION    NE (50)
  AVERAGE WIND SPEED     3.7


SKY COVER
  AVERAGE SKY COVER 0.8


WEATHER CONDITIONS
THE FOLLOWING WEATHER WAS RECORDED YESTERDAY.
  NO SIGNIFICANT WEATHER WAS OBSERVED.


RELATIVE HUMIDITY (PERCENT)
 HIGHEST    84           500 AM
 LOWEST     57           500 PM
 AVERAGE    71

..........................................................


THE CENTRAL PARK NY CLIMATE NORMALS FOR TODAY
                         NORMAL    RECORD    YEAR
 MAXIMUM TEMPERATURE (F)   79        96      1961
 MINIMUM TEMPERATURE (F)   64        51      1953


SUNRISE AND SUNSET
JUNE 13 2021..........SUNRISE   524 AM EDT   SUNSET   828 PM EDT
JUNE 14 2021..........SUNRISE   524 AM EDT   SUNSET   829 PM EDT


-  INDICATES NEGATIVE NUMBERS.
R  INDICATES RECORD WAS SET OR TIED.
MM INDICATES DATA IS MISSING.
T  INDICATES TRACE AMOUNT.




$$
