651
CDUS45 KPSR 290811
CLINYL

CLIMATE REPORT
NATIONAL WEATHER SERVICE PHOENIX AZ
111 AM MST SUN NOV 29 2020

...................................

...THE YUMA AZ CLIMATE SUMMARY FOR NOVEMBER 28 2020...

CLIMATE NORMAL PERIOD 1981 TO 2010
CLIMATE RECORD PERIOD 1876 TO 2020


WEATHER ITEM   OBSERVED TIME   RECORD YEAR NORMAL DEPARTURE LAST
                VALUE   (LST)  VALUE       VALUE  FROM      YEAR
                                                  NORMAL
...................................................................
TEMPERATURE (F)
 YESTERDAY
  MAXIMUM         72    249 PM  87    1954  72      0       68
  MINIMUM         48    750 AM  31    1919  50     -2       49
  AVERAGE         60                        61     -1       59

PRECIPITATION (IN)
  YESTERDAY        0.00          0.31 2019   0.02  -0.02     0.31
  MONTH TO DATE    T                         0.20  -0.20     0.95
  SINCE OCT 1      T                         0.41  -0.41     0.95
  SINCE JAN 1      3.96                      3.03   0.93     2.44

DEGREE DAYS
 HEATING
  YESTERDAY        5                         5      0        6
  MONTH TO DATE   55                        55      0       39
  SINCE SEP 1     61                        57      4       55
  SINCE JUL 1     61                        57      4       55

 COOLING
  YESTERDAY        0                         0      0        0
  MONTH TO DATE   51                        86    -35      131
  SINCE SEP 1   1329                      1195    134     1184
  SINCE JAN 1   4895                      4648    247     4482
...................................................................


WIND (MPH)
  HIGHEST WIND SPEED    13   HIGHEST WIND DIRECTION     N (20)
  HIGHEST GUST SPEED    18   HIGHEST GUST DIRECTION     N (360)
  AVERAGE WIND SPEED     6.7


SKY COVER
  AVERAGE SKY COVER 0.0


WEATHER CONDITIONS
THE FOLLOWING WEATHER WAS RECORDED YESTERDAY.
  NO SIGNIFICANT WEATHER WAS OBSERVED.


RELATIVE HUMIDITY (PERCENT)
 HIGHEST    35
 LOWEST     12
 AVERAGE    24

..........................................................


THE YUMA AZ CLIMATE NORMALS FOR TODAY
                         NORMAL    RECORD    YEAR
 MAXIMUM TEMPERATURE (F)   72        87      1950
 MINIMUM TEMPERATURE (F)   49        30      1908


SUNRISE AND SUNSET
NOVEMBER 29 2020......SUNRISE   721 AM MST   SUNSET   532 PM MST
NOVEMBER 30 2020......SUNRISE   722 AM MST   SUNSET   532 PM MST


-  INDICATES NEGATIVE NUMBERS.
R  INDICATES RECORD WAS SET OR TIED.
MM INDICATES DATA IS MISSING.
T  INDICATES TRACE AMOUNT.




$$
