433
CDUS43 KOAX 290646
CLIOAX

CLIMATE REPORT
NATIONAL WEATHER SERVICE OMAHA/VALLEY NE
1246 AM CST SUN NOV 29 2020

...................................

...THE VALLEY NWS NE CLIMATE SUMMARY FOR NOVEMBER 28 2020...

CLIMATE NORMAL PERIOD 1981 TO 2010
CLIMATE RECORD PERIOD 1997 TO 2020


WEATHER ITEM   OBSERVED TIME   NORMAL DEPARTURE LAST
                VALUE   (LST)  VALUE  FROM      YEAR
                                      NORMAL
.......................................................
TEMPERATURE (F)
 YESTERDAY
  MAXIMUM         55    250 PM  42     13       31
  MINIMUM         31    709 AM  23      8       27
  AVERAGE         43            32     11       29

PRECIPITATION (IN)
  YESTERDAY        0.00          0.04  -0.04     0.03
  MONTH TO DATE    1.15          1.38  -0.23     1.08
  SINCE SEP 1      4.88          6.52  -1.64    12.78
  SINCE JAN 1     18.83         31.44 -12.61    38.19

SNOWFALL (IN)
  YESTERDAY        0.0                            T
  MONTH TO DATE    0.1                           3.4
  SINCE SEP 1      2.0                           4.4
  SINCE JUL 1      2.0                           4.4
  SNOW DEPTH       0

DEGREE DAYS
 HEATING
  YESTERDAY       22            33    -11       36
  MONTH TO DATE  539           721   -182      756
  SINCE SEP 1   1120          1196    -76     1262
  SINCE JUL 1   1120          1202    -82     1262

 COOLING
  YESTERDAY        0             0      0        0
  MONTH TO DATE    2             0      2        0
  SINCE SEP 1    128           124      4      251
  SINCE JAN 1   1314          1075    239     1287
.......................................................


WIND (MPH)
  HIGHEST WIND SPEED    MM   HIGHEST WIND DIRECTION    MM
  HIGHEST GUST SPEED    25   HIGHEST GUST DIRECTION    MM


WEATHER CONDITIONS
THE FOLLOWING WEATHER WAS RECORDED YESTERDAY.
  NO SIGNIFICANT WEATHER WAS OBSERVED.

..........................................................


THE VALLEY NWS NE CLIMATE NORMALS FOR TODAY
                         NORMAL




SUNRISE AND SUNSET
NOVEMBER 29 2020......SUNRISE   730 AM CST   SUNSET   457 PM CST
NOVEMBER 30 2020......SUNRISE   731 AM CST   SUNSET   457 PM CST


-  INDICATES NEGATIVE NUMBERS.
R  INDICATES RECORD WAS SET OR TIED.
MM INDICATES DATA IS MISSING.
T  INDICATES TRACE AMOUNT.




$$
