953
CDUS43 KGID 122225
CLIODX

CLIMATE REPORT
NATIONAL WEATHER SERVICE HASTINGS NE
525 PM CDT SAT JUN 12 2021

...................................

...THE ORD NE CLIMATE SUMMARY FOR JUNE 12 2021...
VALID TODAY AS OF 0500 PM LOCAL TIME.

CLIMATE NORMAL PERIOD 1991 TO 2020
CLIMATE RECORD PERIOD 1895 TO 2021


WEATHER ITEM   OBSERVED TIME   NORMAL DEPARTURE LAST
                VALUE   (LST)  VALUE  FROM      YEAR
                                      NORMAL
.......................................................
TEMPERATURE (F)
 TODAY
  MAXIMUM         86    359 PM  81      5       88
  MINIMUM         49    534 AM  57     -8       50
  AVERAGE         68            69     -1       69

PRECIPITATION (IN)
  TODAY            0.00          0.14  -0.14     0.00
  MONTH TO DATE    0.02          1.72  -1.70     1.91
  SINCE JUN 1      0.02          1.72  -1.70     1.91
  SINCE JAN 1     10.47         10.42   0.05     9.96

DEGREE DAYS
 HEATING
  TODAY            0             1     -1        0
  MONTH TO DATE    8            23    -15        5
  SINCE JUN 1      8            23    -15        5
  SINCE JUL 1   6504          6627   -123     6593

 COOLING
  TODAY            3             5     -2        4
  MONTH TO DATE   99            47     52      111
  SINCE JUN 1     99            47     52      111
  SINCE JAN 1    134            89     45      120
.......................................................


WIND (MPH)
  HIGHEST WIND SPEED    15   HIGHEST WIND DIRECTION    SE (140)
  HIGHEST GUST SPEED    22   HIGHEST GUST DIRECTION    SE (140)
  AVERAGE WIND SPEED     5.2


SKY COVER
  AVERAGE SKY COVER 0.0


WEATHER CONDITIONS
THE FOLLOWING WEATHER WAS RECORDED TODAY.
  NO SIGNIFICANT WEATHER WAS OBSERVED.


RELATIVE HUMIDITY (PERCENT)
 HIGHEST    90           200 AM
 LOWEST     24           400 PM
 AVERAGE    57

..........................................................


THE ORD NE CLIMATE NORMALS FOR TOMORROW
                         NORMAL    RECORD
 MAXIMUM TEMPERATURE (F)   81        MM
 MINIMUM TEMPERATURE (F)   57        MM


SUNRISE AND SUNSET
JUNE 12 2021..........SUNRISE   601 AM CDT   SUNSET   911 PM CDT
JUNE 13 2021..........SUNRISE   601 AM CDT   SUNSET   911 PM CDT


-  INDICATES NEGATIVE NUMBERS.
R  INDICATES RECORD WAS SET OR TIED.
MM INDICATES DATA IS MISSING.
T  INDICATES TRACE AMOUNT.




$$
