782
CDUS43 KGID 280623
CLIODX

CLIMATE REPORT
NATIONAL WEATHER SERVICE HASTINGS NE
1223 AM CST SAT NOV 28 2020

...................................

...THE ORD NE CLIMATE SUMMARY FOR NOVEMBER 27 2020...

CLIMATE NORMAL PERIOD 1981 TO 2010
CLIMATE RECORD PERIOD 1895 TO 2020


WEATHER ITEM   OBSERVED TIME   NORMAL DEPARTURE LAST
                VALUE   (LST)  VALUE  FROM      YEAR
                                      NORMAL
.......................................................
TEMPERATURE (F)
 YESTERDAY
  MAXIMUM         51    332 PM  43      8       29
  MINIMUM         18    802 AM  19     -1       10
  AVERAGE         35            31      4       20

PRECIPITATION (IN)
  YESTERDAY        0.00          0.03  -0.03     0.00
  MONTH TO DATE    0.77          0.99  -0.22     0.88
  SINCE SEP 1      2.50          5.36  -2.86     3.60
  SINCE JAN 1     21.21         24.27  -3.06    36.73

DEGREE DAYS
 HEATING
  YESTERDAY       30            34     -4       45
  MONTH TO DATE  606           753   -147      808
  SINCE SEP 1   1320          1359    -39     1496
  SINCE JUL 1   1320          1373    -53     1506

 COOLING
  YESTERDAY        0             0      0        0
  MONTH TO DATE    0             0      0        0
  SINCE SEP 1     67            88    -21      158
  SINCE JAN 1    949           845    104      837
.......................................................


WIND (MPH)
  HIGHEST WIND SPEED    17   HIGHEST WIND DIRECTION     W (260)
  HIGHEST GUST SPEED    24   HIGHEST GUST DIRECTION     W (280)
  AVERAGE WIND SPEED     5.1


SKY COVER
  AVERAGE SKY COVER 0.0


WEATHER CONDITIONS
THE FOLLOWING WEATHER WAS RECORDED YESTERDAY.
  NO SIGNIFICANT WEATHER WAS OBSERVED.


RELATIVE HUMIDITY (PERCENT)
 HIGHEST    96           100 AM
 LOWEST     29           300 PM
 AVERAGE    63

..........................................................


THE ORD NE CLIMATE NORMALS FOR TODAY
                         NORMAL    RECORD
 MAXIMUM TEMPERATURE (F)   42        MM
 MINIMUM TEMPERATURE (F)   18        MM


SUNRISE AND SUNSET
NOVEMBER 28 2020......SUNRISE   740 AM CST   SUNSET   507 PM CST
NOVEMBER 29 2020......SUNRISE   742 AM CST   SUNSET   507 PM CST


-  INDICATES NEGATIVE NUMBERS.
R  INDICATES RECORD WAS SET OR TIED.
MM INDICATES DATA IS MISSING.
T  INDICATES TRACE AMOUNT.




$$

ROSSI
