000
CDUS43 KOAX 040629
CLIOFK

CLIMATE REPORT
NATIONAL WEATHER SERVICE OMAHA/VALLEY NE
1229 AM CST FRI DEC 04 2020

...................................

...THE NORFOLK NE CLIMATE SUMMARY FOR DECEMBER 3 2020...

CLIMATE NORMAL PERIOD 1981 TO 2010
CLIMATE RECORD PERIOD 1888 TO 2020


WEATHER ITEM   OBSERVED TIME   RECORD YEAR NORMAL DEPARTURE LAST
                VALUE   (LST)  VALUE       VALUE  FROM      YEAR
                                                  NORMAL
...................................................................
TEMPERATURE (F)
 YESTERDAY
  MAXIMUM         48    352 PM  66    1959  37     11       49
                                      1998
  MINIMUM         21    233 AM -15    1919  18      3       28
  AVERAGE         35                        28      7       39

PRECIPITATION (IN)
  YESTERDAY        0.00          1.20 1897   0.03  -0.03     0.00
  MONTH TO DATE    0.00                      0.09  -0.09      T
  SINCE DEC 1      0.00                      0.09  -0.09      T
  SINCE JAN 1     18.20                     26.75  -8.55    25.98

SNOWFALL (IN)
  YESTERDAY        0.0           4.4  1955   0.2   -0.2      0.0
  MONTH TO DATE    0.0                       0.6   -0.6      0.2
  SINCE DEC 1      0.0                       0.6   -0.6      0.2
  SINCE JUL 1      8.6                       5.5    3.1     10.5
  SNOW DEPTH       0

DEGREE DAYS
 HEATING
  YESTERDAY       30                        38     -8       26
  MONTH TO DATE   95                       112    -17      104
  SINCE DEC 1     95                       112    -17      104
  SINCE JUL 1   1453                      1557   -104     1624

 COOLING
  YESTERDAY        0                         0      0        0
  MONTH TO DATE    0                         0      0        0
  SINCE DEC 1      0                         0      0        0
  SINCE JAN 1   1133                       915    218      949
...................................................................


WIND (MPH)
  HIGHEST WIND SPEED    15   HIGHEST WIND DIRECTION     W (290)
  HIGHEST GUST SPEED    19   HIGHEST GUST DIRECTION     W (290)
  AVERAGE WIND SPEED     8.1


SKY COVER
  POSSIBLE SUNSHINE  MM
  AVERAGE SKY COVER 0.0


WEATHER CONDITIONS
THE FOLLOWING WEATHER WAS RECORDED YESTERDAY.
  NO SIGNIFICANT WEATHER WAS OBSERVED.

..........................................................


THE NORFOLK NE CLIMATE NORMALS FOR TODAY
                         NORMAL    RECORD    YEAR
 MAXIMUM TEMPERATURE (F)   37        65      1916
 MINIMUM TEMPERATURE (F)   17       -12      1902


SUNRISE AND SUNSET
DECEMBER  4 2020......SUNRISE   742 AM CST   SUNSET   458 PM CST
DECEMBER  5 2020......SUNRISE   743 AM CST   SUNSET   458 PM CST


-  INDICATES NEGATIVE NUMBERS.
R  INDICATES RECORD WAS SET OR TIED.
MM INDICATES DATA IS MISSING.
T  INDICATES TRACE AMOUNT.




$$
