000
CDUS42 KCAE 282227
CLIOGB


CLIMATE REPORT
NATIONAL WEATHER SERVICE COLUMBIA SC
527 PM EST SAT NOV 28 2020


...................................

...THE ORANGEBURG AIRPORT SC CLIMATE SUMMARY FOR NOVEMBER 28 2020...
VALID TODAY AS OF 0500 PM LOCAL TIME.

CLIMATE NORMAL PERIOD 1981 TO 2010
CLIMATE RECORD PERIOD 9999 TO 9999


WEATHER ITEM   OBSERVED TIME   NORMAL DEPARTURE LAST
                VALUE   (LST)  VALUE  FROM      YEAR
                                      NORMAL
......................................................
TEMPERATURE (F)
 TODAY
  MAXIMUM         62    300 PM  64     -2       71
  MINIMUM         52    241 AM  41     11       44
  AVERAGE         57            52      5       58

PRECIPITATION (IN)
  TODAY            0.06          0.10  -0.04     0.00
  MONTH TO DATE    5.48          2.71   2.77     2.41
  SINCE SEP 1     10.08          9.89   0.19     7.25
  SINCE JAN 1     41.30         43.20  -1.90    25.37

DEGREE DAYS
 HEATING
  TODAY            8            13     -5        7
  MONTH TO DATE  160           252    -92      363
  SINCE SEP 1    187           342   -155      382
  SINCE JUL 1    187           342   -155      382

 COOLING
  TODAY            0             0      0        0
  MONTH TO DATE   59            12     47        1
  SINCE SEP 1    542           406    136      591
  SINCE JAN 1   2358          2099    259     2552
......................................................


WIND (MPH)
  HIGHEST WIND SPEED    10   HIGHEST WIND DIRECTION    NW (300)
  HIGHEST GUST SPEED    13   HIGHEST GUST DIRECTION    NW (310)
  AVERAGE WIND SPEED     1.7


SKY COVER
  AVERAGE SKY COVER 0.7


WEATHER CONDITIONS
 THE FOLLOWING WEATHER WAS RECORDED TODAY.
  LIGHT RAIN
  FOG


RELATIVE HUMIDITY (PERCENT)
 HIGHEST   100           300 AM
 LOWEST     72           600 AM

..........................................................


THE ORANGEBURG AIRPORT SC CLIMATE NORMALS FOR TOMORROW
                         NORMAL
 MAXIMUM TEMPERATURE (F)   64
 MINIMUM TEMPERATURE (F)   41


SUNRISE AND SUNSET
NOVEMBER 28 2020......SUNRISE   707 AM EST   SUNSET   516 PM EST
NOVEMBER 29 2020......SUNRISE   708 AM EST   SUNSET   516 PM EST


-  INDICATES NEGATIVE NUMBERS.
R  INDICATES RECORD WAS SET OR TIED.
MM INDICATES DATA IS MISSING.
T  INDICATES TRACE AMOUNT.




$$
