000
CDUS43 KEAX 260651
CLIOJC

CLIMATE REPORT
NATIONAL WEATHER SERVICE
1251 AM CST THU NOV 26 2020

...................................

...THE JOHNSON COUNTY EXECUTIVE KS CLIMATE SUMMARY FOR NOVEMBER 25 2020...

CLIMATE NORMAL PERIOD: 1981 TO 2010
CLIMATE RECORD PERIOD: 9999 TO 9999


WEATHER ITEM   OBSERVED TIME   NORMAL DEPARTURE LAST
                VALUE   (LST)  VALUE  FROM      YEAR
                                      NORMAL
.......................................................
TEMPERATURE (F)
 YESTERDAY
  MAXIMUM         51   4:18 AM  49      2       59
  MINIMUM         32  11:59 PM  30      2       38
  AVERAGE         42            39      3       49

PRECIPITATION (IN)
  YESTERDAY        T             0.07  -0.07     0.00
  MONTH TO DATE    0.98          2.14  -1.16     0.33
  SINCE SEP 1      4.43         10.09  -5.66     7.88
  SINCE JAN 1     31.86         38.05  -6.19    47.70

DEGREE DAYS
 HEATING
  YESTERDAY       23            26     -3       16
  MONTH TO DATE  343           496   -153      596
  SINCE SEP 1    788           820    -32     1025
  SINCE JUL 1    788           821    -33     1025

 COOLING
  YESTERDAY        0             0      0        0
  MONTH TO DATE    4             0      4        0
  SINCE SEP 1    164           184    -20      326
  SINCE JAN 1   1320          1349    -29     1382
.......................................................


WIND (MPH)
  HIGHEST WIND SPEED    20   HIGHEST WIND DIRECTION     N (340)
  HIGHEST GUST SPEED    29   HIGHEST GUST DIRECTION    NW (330)
  AVERAGE WIND SPEED     9.2


SKY COVER
  AVERAGE SKY COVER 0.9


WEATHER CONDITIONS
THE FOLLOWING WEATHER WAS RECORDED YESTERDAY.
  FOG


RELATIVE HUMIDITY (PERCENT)
 HIGHEST   100          12:00 AM
 LOWEST     89           9:00 PM
 AVERAGE    95

..........................................................


THE JOHNSON COUNTY EXECUTIVE KS CLIMATE NORMALS FOR TODAY
                         NORMAL




SUNRISE AND SUNSET
NOVEMBER 26 2020......SUNRISE   7:14 AM CST   SUNSET   4:59 PM CST
NOVEMBER 27 2020......SUNRISE   7:15 AM CST   SUNSET   4:58 PM CST


-  INDICATES NEGATIVE NUMBERS.
R  INDICATES RECORD WAS SET OR TIED.
MM INDICATES DATA IS MISSING.
T  INDICATES TRACE AMOUNT.




$$
