799
CDUS46 KSGX 260932
CLIOKB


CLIMATE REPORT
NATIONAL WEATHER SERVICE SAN DIEGO, CA
132 AM PST THU NOV 26 2020


...................................

...THE OCEANSIDE AIRPORT CA CLIMATE SUMMARY FOR NOVEMBER 25 2020...

CLIMATE NORMAL PERIOD 1981 TO 2010
CLIMATE RECORD PERIOD 1999 TO 2020


WEATHER ITEM   OBSERVED TIME   RECORD YEAR NORMAL DEPARTURE LAST
                VALUE   (LST)  VALUE       VALUE  FROM      YEAR
                                                  NORMAL
..................................................................
TEMPERATURE (F)
 YESTERDAY
  MAXIMUM         64    201 PM  80    2009  68     -4       70
  MINIMUM         38    620 AM  34    2010  42     -4       40
  AVERAGE         51                        55     -4       55

PRECIPITATION (IN)
  YESTERDAY        0.00          0.07 2015   0.03  -0.03     0.00
  MONTH TO DATE    0.57                      0.90  -0.33     0.86
  SINCE OCT 1      0.61                      1.60  -0.99     0.86
  SINCE JAN 1     11.20                     11.38  -0.18    11.96

DEGREE DAYS
 HEATING
  YESTERDAY       14                        10      4       10
  MONTH TO DATE  198                       196      2      121
  SINCE SEP 1    236                       293    -57      186
  SINCE JUL 1    237                       298    -61      186

 COOLING
  YESTERDAY        0                         0      0        0
  MONTH TO DATE    2                         0      2        9
  SINCE SEP 1    236                       116    120      229
  SINCE JAN 1    760                       416    344      599
..................................................................


WIND (MPH)
  RESULTANT WIND SPEED   1   RESULTANT WIND DIRECTION   W (260)
  HIGHEST WIND SPEED    13   HIGHEST WIND DIRECTION     W (270)
  HIGHEST GUST SPEED    15   HIGHEST GUST DIRECTION     W (250)
  AVERAGE WIND SPEED     3.2


SKY COVER
  POSSIBLE SUNSHINE  MM
  AVERAGE SKY COVER 0.3


WEATHER CONDITIONS
 THE FOLLOWING WEATHER WAS RECORDED YESTERDAY.
  FOG


RELATIVE HUMIDITY (PERCENT)
 HIGHEST   100          1200 AM
 LOWEST     72          1000 AM
 AVERAGE    86

..........................................................


THE OCEANSIDE AIRPORT CA CLIMATE NORMALS FOR TODAY
                         NORMAL    RECORD    YEAR
 MAXIMUM TEMPERATURE (F)   68        82      2014
 MINIMUM TEMPERATURE (F)   42        33      2016
                                             2010


SUNRISE AND SUNSET
NOVEMBER 26 2020......SUNRISE   631 AM PST   SUNSET   443 PM PST
NOVEMBER 27 2020......SUNRISE   632 AM PST   SUNSET   442 PM PST


-  INDICATES NEGATIVE NUMBERS.
R  INDICATES RECORD WAS SET OR TIED.
MM INDICATES DATA IS MISSING.
T  INDICATES TRACE AMOUNT.




$$
