216
CDUS44 KOUN 290626
CLIOKC

CLIMATE REPORT
NATIONAL WEATHER SERVICE NORMAN OK
1226 AM CST SUN NOV 29 2020

...................................

...THE OKLAHOMA CITY CLIMATE SUMMARY FOR NOVEMBER 28 2020...

CLIMATE NORMAL PERIOD 1981 TO 2010
CLIMATE RECORD PERIOD 1890 TO 2020


WEATHER ITEM   OBSERVED TIME   RECORD YEAR NORMAL DEPARTURE LAST
                VALUE   (LST)  VALUE       VALUE  FROM      YEAR
                                                  NORMAL
...................................................................
TEMPERATURE (F)
 YESTERDAY
  MAXIMUM         47    341 PM  79    1949  56     -9       41
  MINIMUM         34    353 AM  14    1896  35     -1       36
  AVERAGE         41                        45     -4       39

PRECIPITATION (IN)
  YESTERDAY        0.04          1.44 1908   0.06  -0.02     0.17
  MONTH TO DATE    0.34                      1.87  -1.53     0.95
  SINCE SEP 1      7.50                      9.64  -2.14     6.45
  SINCE JAN 1     35.83                     34.53   1.30    44.58

SNOWFALL (IN)
  YESTERDAY        0.0           2.0  1958   0.0    0.0      0.0
  MONTH TO DATE    0.0                       0.3   -0.3       T
  SINCE SEP 1      0.2                       0.3   -0.1       T
  SINCE JUL 1      0.2                       0.3   -0.1       T
  SNOW DEPTH       0

DEGREE DAYS
 HEATING
  YESTERDAY       24                        20      4       26
  MONTH TO DATE  291                       393   -102      515
  SINCE SEP 1    583                       557     26      813
  SINCE JUL 1    583                       557     26      813

 COOLING
  YESTERDAY        0                         0      0        0
  MONTH TO DATE    1                         7     -6        0
  SINCE SEP 1    239                       362   -123      477
  SINCE JAN 1   1778                      2099   -321     1984
...................................................................


WIND (MPH)
  HIGHEST WIND SPEED    15   HIGHEST WIND DIRECTION     N (20)
  HIGHEST GUST SPEED    18   HIGHEST GUST DIRECTION     N (20)
  AVERAGE WIND SPEED     7.5


SKY COVER
  AVERAGE SKY COVER 0.7


WEATHER CONDITIONS
THE FOLLOWING WEATHER WAS RECORDED YESTERDAY.
  LIGHT RAIN


RELATIVE HUMIDITY (PERCENT)
 HIGHEST    89           800 PM
 LOWEST     49          1100 AM
 AVERAGE    69

..........................................................


THE OKLAHOMA CITY CLIMATE NORMALS FOR TODAY
                         NORMAL    RECORD    YEAR
 MAXIMUM TEMPERATURE (F)   55        80      1927
 MINIMUM TEMPERATURE (F)   35        11      1897
                                             1911


SUNRISE AND SUNSET
NOVEMBER 29 2020......SUNRISE   720 AM CST   SUNSET   518 PM CST
NOVEMBER 30 2020......SUNRISE   721 AM CST   SUNSET   518 PM CST


-  INDICATES NEGATIVE NUMBERS.
R  INDICATES RECORD WAS SET OR TIED.
MM INDICATES DATA IS MISSING.
T  INDICATES TRACE AMOUNT.




$$
