328
CDUS45 KGGW 281235
CLIOLF

CLIMATE REPORT
NATIONAL WEATHER SERVICE GLASGOW, MT
535 AM MST SAT NOV 28 2020

...................................

...THE WOLF POINT MT CLIMATE SUMMARY FOR NOVEMBER 28 2020...
VALID AS OF 0500 AM LOCAL TIME.

CLIMATE NORMAL PERIOD: 1981 TO 2010
CLIMATE RECORD PERIOD: 9999 TO 9999


WEATHER ITEM   OBSERVED RECORD YEAR NORMAL DEPARTURE LAST
                VALUE   VALUE       VALUE  FROM      YEAR
                                           NORMAL
............................................................
TEMPERATURE (F)
 TODAY
  MAXIMUM         26     MM      MM  33     -7       26
  MINIMUM         19     MM      MM   9     10       24
  AVERAGE         23                 21      2       25

PRECIPITATION (IN)
  TODAY            0.00  MM      MM   0.01  -0.01      T
  MONTH TO DATE    0.22               0.37  -0.15     0.22
  SINCE SEP 1      1.23               2.19  -0.96     6.41
  SINCE OCT 1      0.70               1.18  -0.48     0.78
  SINCE JAN 1      8.12              11.86  -3.74    18.22

SNOWFALL (IN)
  TODAY           MM     MM      MM  MM              MM

DEGREE DAYS
 HEATING
  TODAY           42                 44     -2       40
  MONTH TO DATE  962               1028    -66     1044
  SINCE SEP 1   2037               1953     84     2060
  SINCE JUL 1   2060               2013     47     2105

 COOLING
  TODAY            0                  0      0        0
  MONTH TO DATE    0                  0      0        0
  SINCE SEP 1     12                 27    -15       32
  SINCE JAN 1    504                448     56      391
............................................................


WIND (MPH)
  RESULTANT WIND SPEED   1   RESULTANT WIND DIRECTION   W (250)
  HIGHEST WIND SPEED     6   HIGHEST WIND DIRECTION    NW (330)
  HIGHEST GUST SPEED    MM   HIGHEST GUST DIRECTION    MM


SKY COVER
  POSSIBLE SUNSHINE  MM
  AVERAGE SKY COVER 0.0


WEATHER CONDITIONS
THE FOLLOWING WEATHER WAS RECORDED TODAY.
  NO SIGNIFICANT WEATHER WAS OBSERVED.


RELATIVE HUMIDITY (PERCENT)
 HIGHEST    84
 LOWEST     78
 AVERAGE    81

..........................................................


THE WOLF POINT MT CLIMATE NORMALS FOR TOMORROW
                         NORMAL    RECORD    YEAR
 MAXIMUM TEMPERATURE (F)   33        MM        MM
 MINIMUM TEMPERATURE (F)    9        MM        MM


SUNRISE AND SUNSET
NOVEMBER 28 2020......SUNRISE   7:28 AM MST   SUNSET   4:12 PM MST
NOVEMBER 29 2020......SUNRISE   7:30 AM MST   SUNSET   4:12 PM MST


-  INDICATES NEGATIVE NUMBERS.
R  INDICATES RECORD WAS SET OR TIED.
MM INDICATES DATA IS MISSING.
T  INDICATES TRACE AMOUNT.




$$
