917
CDUS45 KGGW 130743
CLIOLF

CLIMATE REPORT
NATIONAL WEATHER SERVICE GLASGOW, MT
143 AM MDT SUN JUN 13 2021

...................................

...THE WOLF POINT MT CLIMATE SUMMARY FOR JUNE 12 2021...

CLIMATE NORMAL PERIOD: 1991 TO 2020
CLIMATE RECORD PERIOD: 9999 TO 9999


WEATHER ITEM   OBSERVED RECORD YEAR NORMAL DEPARTURE LAST
                VALUE   VALUE       VALUE  FROM      YEAR
                                           NORMAL
............................................................
TEMPERATURE (F)
 YESTERDAY
  MAXIMUM         86     MM      MM  77      9
  MINIMUM         43     MM      MM  50     -7
  AVERAGE         65                 63      2

PRECIPITATION (IN)
  YESTERDAY        0.00  MM      MM   0.12  -0.12     0.00
  MONTH TO DATE    2.55               1.35   1.20     0.93
  SINCE JUN 1      2.55               1.35   1.20     0.93
  SINCE OCT 1      6.12               6.20  -0.08     3.36
  SINCE JAN 1      5.41               5.00   0.41     2.53

SNOWFALL (IN)
  YESTERDAY       MM     MM      MM  MM               0.0
  MONTH TO DATE   MM                  0.0             0.0
  SINCE JUN 1     MM                  0.0             0.0
  SINCE JUL 1     MM                 MM               0.0

DEGREE DAYS
 HEATING
  YESTERDAY        0                  3     -3        0
  MONTH TO DATE    8                 53    -45       47
  SINCE JUN 1      8                 53    -45       47
  SINCE JUL 1   8065               8458   -393     8438

 COOLING
  YESTERDAY        0                  2     -2        3
  MONTH TO DATE   60                 16     44       13
  SINCE JUN 1     60                 16     44       13
  SINCE JAN 1     69                 28     41       31
............................................................


WIND (MPH)
  HIGHEST WIND SPEED    21   HIGHEST WIND DIRECTION    NW (320)
  HIGHEST GUST SPEED    29   HIGHEST GUST DIRECTION    NW (300)
  AVERAGE WIND SPEED     6.2


WEATHER CONDITIONS
THE FOLLOWING WEATHER WAS RECORDED YESTERDAY.
  HAZE


RELATIVE HUMIDITY (PERCENT)
 HIGHEST    85
 LOWEST     21
 AVERAGE    53

..........................................................


THE WOLF POINT MT CLIMATE NORMALS FOR TODAY
                         NORMAL    RECORD    YEAR
 MAXIMUM TEMPERATURE (F)   78        MM        MM
 MINIMUM TEMPERATURE (F)   50        MM        MM


SUNRISE AND SUNSET
JUNE 13 2021..........SUNRISE   5:02 AM MDT   SUNSET   9:03 PM MDT
JUNE 14 2021..........SUNRISE   5:02 AM MDT   SUNSET   9:04 PM MDT


-  INDICATES NEGATIVE NUMBERS.
R  INDICATES RECORD WAS SET OR TIED.
MM INDICATES DATA IS MISSING.
T  INDICATES TRACE AMOUNT.




$$
