000
CDUS46 KSEW 290124
CLIOLM


CLIMATE REPORT
NATIONAL WEATHER SERVICE SEATTLE WA
523 PM PST SAT NOV 28 2020


...................................

...THE OLYMPIA WA AIRPORT CLIMATE SUMMARY FOR NOVEMBER 28 2020...
VALID TODAY AS OF 0500 PM LOCAL TIME.

CLIMATE NORMAL PERIOD 1981 TO 2010
CLIMATE RECORD PERIOD 1941 TO 2020


WEATHER ITEM   OBSERVED TIME   RECORD YEAR NORMAL DEPARTURE LAST
                VALUE   (LST)  VALUE       VALUE  FROM      YEAR
                                                  NORMAL
..................................................................
TEMPERATURE (F)
 TODAY
  MAXIMUM         47    239 PM  57    1999  47      0       44
                                      1995
  MINIMUM         38    622 AM  18    1952  34      4       22
  AVERAGE         43                        40      3       33

PRECIPITATION (IN)
  TODAY            0.00          2.11 2001   0.30  -0.30     0.00
  MONTH TO DATE    8.58                      8.03   0.55     1.74
  SINCE OCT 1     12.62                     12.63  -0.01     7.00
  SINCE JAN 1     45.30                     41.94   3.36    27.64

DEGREE DAYS
 HEATING
  TODAY           22                        25     -3       32
  MONTH TO DATE  590                       601    -11      612
  SINCE SEP 1   1080                      1245   -165     1334
  SINCE JUL 1   1212                      1395   -183     1412

 COOLING
  TODAY            0                         0      0        0
  MONTH TO DATE    0                         0      0        0
  SINCE SEP 1     19                         7     12        3
  SINCE JAN 1    144                       106     38       97
..................................................................


WIND (MPH)
  RESULTANT WIND SPEED   5   RESULTANT WIND DIRECTION  SW (210)
  HIGHEST WIND SPEED    13   HIGHEST WIND DIRECTION     S (200)
  HIGHEST GUST SPEED    16   HIGHEST GUST DIRECTION    SW (210)
  AVERAGE WIND SPEED     5.2


SKY COVER
  AVERAGE SKY COVER 0.8


WEATHER CONDITIONS
 THE FOLLOWING WEATHER WAS RECORDED TODAY.
  FOG


RELATIVE HUMIDITY (PERCENT)
 HIGHEST    96           100 AM
 LOWEST     76           300 PM
 AVERAGE    86

..........................................................


THE OLYMPIA WA AIRPORT CLIMATE NORMALS FOR TOMORROW
                         NORMAL    RECORD    YEAR
 MAXIMUM TEMPERATURE (F)   47        56      2008
                                             1995
                                             1953
 MINIMUM TEMPERATURE (F)   34        14      1975


SUNRISE AND SUNSET
NOVEMBER 28 2020......SUNRISE   734 AM PST   SUNSET   426 PM PST
NOVEMBER 29 2020......SUNRISE   735 AM PST   SUNSET   425 PM PST


-  INDICATES NEGATIVE NUMBERS.
R  INDICATES RECORD WAS SET OR TIED.
MM INDICATES DATA IS MISSING.
T  INDICATES TRACE AMOUNT.




$$
