000
CDUS45 KTWC 290731
CLIOLS

CLIMATE REPORT
NATIONAL WEATHER SERVICE TUCSON AZ
1231 AM MST SUN NOV 29 2020

...................................

...THE NOGALES AZ AIRPORT CLIMATE SUMMARY FOR NOVEMBER 28 2020...

CLIMATE NORMAL PERIOD 1981 TO 2010
CLIMATE RECORD PERIOD 1999 TO 2020


WEATHER ITEM   OBSERVED TIME   RECORD YEAR NORMAL DEPARTURE LAST
                VALUE   (LST)  VALUE       VALUE  FROM      YEAR
                                                  NORMAL
...................................................................
TEMPERATURE (F)
 YESTERDAY
  MAXIMUM         68    205 PM  81    2014  68      0       63
  MINIMUM         26    530 AM  22    2001  37    -11       48
  AVERAGE         47                        52     -5       56

PRECIPITATION (IN)
  YESTERDAY        0.00          0.18 2019   0.03  -0.03     0.18
  MONTH TO DATE    0.09                      0.67  -0.58     2.30
  SINCE OCT 1      0.09                      1.80  -1.71     2.30
  SINCE JAN 1      8.79                     15.81  -7.02    15.77

DEGREE DAYS
 HEATING
  YESTERDAY       18                        13      5        9
  MONTH TO DATE  159                       244    -85      136
  SINCE SEP 1    218                       312    -94      189
  SINCE JUL 1    218                       312    -94      189

 COOLING
  YESTERDAY        0                         0      0        0
  MONTH TO DATE   66                         4     62        6
  SINCE SEP 1    686                       380    306      389
  SINCE JAN 1   2608                      1838    770     1919
...................................................................


WIND (MPH)
  HIGHEST WIND SPEED    15   HIGHEST WIND DIRECTION     N (10)
  HIGHEST GUST SPEED    20   HIGHEST GUST DIRECTION     N (360)
  AVERAGE WIND SPEED     4.6


SKY COVER
  POSSIBLE SUNSHINE  MM
  AVERAGE SKY COVER 0.0


WEATHER CONDITIONS
THE FOLLOWING WEATHER WAS RECORDED YESTERDAY.
  NO SIGNIFICANT WEATHER WAS OBSERVED.


RELATIVE HUMIDITY (PERCENT)
 HIGHEST    58           700 AM
 LOWEST     14           300 PM
 AVERAGE    36

..........................................................


THE NOGALES AZ AIRPORT CLIMATE NORMALS FOR TODAY
                         NORMAL    RECORD    YEAR
 MAXIMUM TEMPERATURE (F)   68        81      2017
 MINIMUM TEMPERATURE (F)   36        23      2004


SUNRISE AND SUNSET
NOVEMBER 29 2020......SUNRISE   704 AM MST   SUNSET   520 PM MST
NOVEMBER 30 2020......SUNRISE   704 AM MST   SUNSET   520 PM MST


-  INDICATES NEGATIVE NUMBERS.
R  INDICATES RECORD WAS SET OR TIED.
MM INDICATES DATA IS MISSING.
T  INDICATES TRACE AMOUNT.




$$
