000
CDUS43 KOAX 260631
CLIOMA

CLIMATE REPORT
NATIONAL WEATHER SERVICE OMAHA/VALLEY NE
1231 AM CST THU NOV 26 2020

...................................

...THE OMAHA NE CLIMATE SUMMARY FOR NOVEMBER 25 2020...

CLIMATE NORMAL PERIOD 1981 TO 2010
CLIMATE RECORD PERIOD 1871 TO 2020


WEATHER ITEM   OBSERVED TIME   RECORD YEAR NORMAL DEPARTURE LAST
                VALUE   (LST)  VALUE       VALUE  FROM      YEAR
                                                  NORMAL
...................................................................
TEMPERATURE (F)
 YESTERDAY
  MAXIMUM         40   1210 PM  72    1960  43     -3       53
  MINIMUM         28   1127 PM   3    1977  24      4       34
  AVERAGE         34                        34      0       44

PRECIPITATION (IN)
  YESTERDAY        T             0.80 1944   0.05  -0.05     0.00
                                      1952
  MONTH TO DATE    1.88                      1.41   0.47     0.56
  SINCE SEP 1      4.60                      6.24  -1.64    12.14
  SINCE JAN 1     16.50                     29.35 -12.85    37.44

SNOWFALL (IN)
  YESTERDAY        0.0           6.7  1952   0.1   -0.1      0.0
  MONTH TO DATE    0.2                       1.7   -1.5      1.0
  SINCE SEP 1      1.8                       2.0   -0.2      1.7
  SINCE JUL 1      1.8                       2.0   -0.2      1.7
  SNOW DEPTH       0

DEGREE DAYS
 HEATING
  YESTERDAY       31                        31      0       21
  MONTH TO DATE  478                       621   -143      672
  SINCE SEP 1   1057                      1098    -41     1167
  SINCE JUL 1   1057                      1106    -49     1167

 COOLING
  YESTERDAY        0                         0      0        0
  MONTH TO DATE    1                         0      1        0
  SINCE SEP 1    137                       132      5      270
  SINCE JAN 1   1409                      1112    297     1406
...................................................................


WIND (MPH)
  HIGHEST WIND SPEED    23   HIGHEST WIND DIRECTION     N (340)
  HIGHEST GUST SPEED    29   HIGHEST GUST DIRECTION     N (340)
  AVERAGE WIND SPEED    10.8


SKY COVER
  POSSIBLE SUNSHINE  MM
  AVERAGE SKY COVER 0.9


WEATHER CONDITIONS
THE FOLLOWING WEATHER WAS RECORDED YESTERDAY.
  LIGHT RAIN

..........................................................


THE OMAHA NE CLIMATE NORMALS FOR TODAY
                         NORMAL    RECORD    YEAR
 MAXIMUM TEMPERATURE (F)   43        67      1914
 MINIMUM TEMPERATURE (F)   24         1      1871
                                             1898


SUNRISE AND SUNSET
NOVEMBER 26 2020......SUNRISE   725 AM CST   SUNSET   457 PM CST
NOVEMBER 27 2020......SUNRISE   726 AM CST   SUNSET   456 PM CST


-  INDICATES NEGATIVE NUMBERS.
R  INDICATES RECORD WAS SET OR TIED.
MM INDICATES DATA IS MISSING.
T  INDICATES TRACE AMOUNT.




$$
