000
CDAK49 PAFG 130951
CLIOME

CLIMATE REPORT
NATIONAL WEATHER SERVICE FAIRBANKS AK
151 AM AKDT SUN JUN 13 2021


...THE NOME AK CLIMATE SUMMARY FOR JUNE 12 2021...

CLIMATE NORMAL PERIOD 1991 TO 2020
CLIMATE RECORD PERIOD 1906 TO 2021


WEATHER ITEM   OBSERVED TIME   RECORD YEAR NORMAL DEPARTURE LAST
                VALUE   (LST)  VALUE       VALUE  FROM      YEAR
                                                  NORMAL
...................................................................
TEMPERATURE (F)
 YESTERDAY
  MAXIMUM         50    946 PM  79    1957  54     -4       52
  MINIMUM         44    604 AM  29    1933  40      4       37
                                      2014
  AVERAGE         47                        47      0       45

PRECIPITATION (IN)
  YESTERDAY        0.09          0.41 1946   0.03   0.06     0.00
  MONTH TO DATE    0.53                      0.33   0.20      T
  SINCE JUN 1      0.53                      0.33   0.20      T
  SINCE JAN 1      5.04                      4.63   0.41     6.36

DEGREE DAYS
 HEATING
  YESTERDAY       18                        18      0       20
  MONTH TO DATE  305                       238     67      186
  SINCE JUN 1    305                       238     67      186
  SINCE JUL 1  12750                     13220   -470    12880

 COOLING
  YESTERDAY        0                         0      0        0
  MONTH TO DATE    0                         0      0        0
  SINCE JUN 1      0                         0      0        0
  SINCE JAN 1      0                         0      0        0
...................................................................


WIND (MPH)
  HIGHEST GUST SPEED    15   HIGHEST GUST DIRECTION     S (180)


SKY COVER
  AVERAGE SKY COVER 1.0


WEATHER CONDITIONS
THE FOLLOWING WEATHER WAS RECORDED YESTERDAY.
  LIGHT RAIN
  FOG


RELATIVE HUMIDITY (PERCENT)
 HIGHEST    93
 LOWEST     74
 AVERAGE    84

..........................................................


THE NOME AK CLIMATE NORMALS FOR TODAY
                         NORMAL    RECORD    YEAR
 MAXIMUM TEMPERATURE (F)   55        77      1986
 MINIMUM TEMPERATURE (F)   41        28      1918
                                             1935


SUNRISE AND SUNSET
JUNE 13 2021..........SUNRISE   424 AM AKDT  SUNSET   142 AM AKDT
JUNE 14 2021..........SUNRISE   422 AM AKDT  SUNSET   143 AM AKDT

-  INDICATES NEGATIVE NUMBERS.
R  INDICATES RECORD WAS SET OR TIED.
MM INDICATES DATA IS MISSING.
T  INDICATES TRACE AMOUNT.

&&

----------------------------
AVAILABLE DAYLIGHT

AMOUNT OF DAYLIGHT TODAY  (HOUR:MIN)........21:18
GAIN/LOSS SINCE YESTERDAY (HOUR:MIN:SEC)....+0:03:01
----------------------------

NOME TIDAL INFORMATION FOR 13 JUNE 2021
0135  +0.1
1007  +1.5
1318  +1.4
1600  +1.5

$$
JUN 21
