000
CDAK49 PAFG 280956
CLIOME

CLIMATE REPORT
NATIONAL WEATHER SERVICE FAIRBANKS AK
1256 AM AKST SAT NOV 28 2020


...THE NOME AK CLIMATE SUMMARY FOR NOVEMBER 27 2020...

CLIMATE NORMAL PERIOD 1981 TO 2010
CLIMATE RECORD PERIOD 1906 TO 2020


WEATHER ITEM   OBSERVED TIME   RECORD YEAR NORMAL DEPARTURE LAST
                VALUE   (LST)  VALUE       VALUE  FROM      YEAR
                                                  NORMAL
...................................................................
TEMPERATURE (F)
 YESTERDAY
  MAXIMUM         26    536 PM  40    1943  20      6       30
  MINIMUM         17    257 AM -24    1948   7     10        5
  AVERAGE         22                        14      8       18

PRECIPITATION (IN)
  YESTERDAY        0.01          0.68 1972   0.04  -0.03     0.06
  MONTH TO DATE    2.40                      1.12   1.28     0.34
  SINCE SEP 1      6.82                      5.18   1.64     9.10
  SINCE JAN 1     16.80                     15.63   1.17    26.31

DEGREE DAYS
 HEATING
  YESTERDAY       43                        52     -9       47
  MONTH TO DATE 1017                      1287   -270     1175
  SINCE SEP 1   2581                      3077   -496     2733
  SINCE JUL 1   3416                      3937   -521     3525

 COOLING
  YESTERDAY        0                         0      0        0
  MONTH TO DATE    0                         0      0        0
  SINCE SEP 1      0                         0      0        0
  SINCE JAN 1      0                         3     -3       17
...................................................................


WIND (MPH)
  HIGHEST GUST SPEED    24   HIGHEST GUST DIRECTION    NE (40)


SKY COVER
  AVERAGE SKY COVER 0.9


WEATHER CONDITIONS
THE FOLLOWING WEATHER WAS RECORDED YESTERDAY.
  LIGHT SNOW
  FOG


RELATIVE HUMIDITY (PERCENT)
 HIGHEST    92
 LOWEST     65
 AVERAGE    79

..........................................................


THE NOME AK CLIMATE NORMALS FOR TODAY
                         NORMAL    RECORD    YEAR
 MAXIMUM TEMPERATURE (F)   20        39      1983
 MINIMUM TEMPERATURE (F)    7       -34      1948


SUNRISE AND SUNSET
NOVEMBER 28 2020......SUNRISE  1119 AM AKST  SUNSET   421 PM AKST
NOVEMBER 29 2020......SUNRISE  1122 AM AKST  SUNSET   419 PM AKST

-  INDICATES NEGATIVE NUMBERS.
R  INDICATES RECORD WAS SET OR TIED.
MM INDICATES DATA IS MISSING.
T  INDICATES TRACE AMOUNT.

&&

----------------------------
AVAILABLE DAYLIGHT

AMOUNT OF DAYLIGHT TODAY  (HOUR:MIN)........5:02
GAIN/LOSS SINCE YESTERDAY (HOUR:MIN:SEC)....-0:05:20
----------------------------

NOME TIDAL INFORMATION FOR 28 NOVEMBER 2020
0313  +1.0
0958  +0.2
1616  +0.8
2109  +0.4

$$
NOV 20
