000
CDUS46 KOTX 290839
CLIOMK

CLIMATE REPORT
NATIONAL WEATHER SERVICE SPOKANE WA
1239 AM PST SUN NOV 29 2020

...................................

...THE OMAK WA AIRPORT CLIMATE SUMMARY FOR NOVEMBER 28 2020...

CLIMATE NORMAL PERIOD 1981 TO 2010
CLIMATE RECORD PERIOD 9999 TO 9999


WEATHER ITEM   OBSERVED TIME   RECORD YEAR NORMAL DEPARTURE LAST
                VALUE   (LST)  VALUE       VALUE  FROM      YEAR
                                                  NORMAL
...................................................................
TEMPERATURE (F)
 YESTERDAY
  MAXIMUM         45    202 PM  55    1949  37      8       37
  MINIMUM         26   1159 PM   1    1970  24      2       24
  AVERAGE         36                        31      5       31

PRECIPITATION (IN)
  YESTERDAY        0.00          0.67 2001   0.06  -0.06     0.00
  MONTH TO DATE    1.43                      1.46  -0.03     0.28
  SINCE OCT 1      3.25                      2.54   0.71     0.65
  SINCE JAN 1      8.62                     12.40  -3.78     8.96

SNOWFALL (IN)
  YESTERDAY       MM

DEGREE DAYS
 HEATING
  YESTERDAY       29                        34     -5       34
  MONTH TO DATE  776                       803    -27      774
  SINCE SEP 1   1321                      1432   -111     1545
  SINCE JUL 1   1322                      1463   -141     1545

 COOLING
  YESTERDAY        0                         0      0        0
  MONTH TO DATE    0                         0      0        0
  SINCE SEP 1    123                        59     64       60
  SINCE JAN 1    864                       665    199      763
...................................................................


WIND (MPH)
  HIGHEST WIND SPEED    16   HIGHEST WIND DIRECTION     S (190)
  HIGHEST GUST SPEED    21   HIGHEST GUST DIRECTION     S (190)
  AVERAGE WIND SPEED     3.1


SKY COVER
  POSSIBLE SUNSHINE  MM
  AVERAGE SKY COVER 0.2


WEATHER CONDITIONS
THE FOLLOWING WEATHER WAS RECORDED YESTERDAY.
  NO SIGNIFICANT WEATHER WAS OBSERVED.


RELATIVE HUMIDITY (PERCENT)
 HIGHEST    92           800 AM
 LOWEST     60           200 PM
 AVERAGE    76

..........................................................


THE OMAK WA AIRPORT CLIMATE NORMALS FOR TODAY
                         NORMAL    RECORD    YEAR
 MAXIMUM TEMPERATURE (F)   37        53      1977
 MINIMUM TEMPERATURE (F)   24        -3      1993


SUNRISE AND SUNSET
NOVEMBER 29 2020......SUNRISE   727 AM PST   SUNSET   406 PM PST
NOVEMBER 30 2020......SUNRISE   728 AM PST   SUNSET   406 PM PST


-  INDICATES NEGATIVE NUMBERS.
R  INDICATES RECORD WAS SET OR TIED.
MM INDICATES DATA IS MISSING.
T  INDICATES TRACE AMOUNT.




$$
