081
CDUS46 KSGX 290123
CLIONT


CLIMATE REPORT
NATIONAL WEATHER SERVICE SAN DIEGO, CA
523 PM PST SAT NOV 28 2020


...................................

...THE ONTARIO INTL AIRPORT CA CLIMATE SUMMARY FOR NOVEMBER 28 2020...
VALID TODAY AS OF 0500 PM LOCAL TIME.

CLIMATE NORMAL PERIOD 1981 TO 2010
CLIMATE RECORD PERIOD 1998 TO 2020


WEATHER ITEM   OBSERVED TIME   RECORD YEAR NORMAL DEPARTURE LAST
                VALUE   (LST)  VALUE       VALUE  FROM      YEAR
                                                  NORMAL
..................................................................
TEMPERATURE (F)
 TODAY
  MAXIMUM         73    126 PM  83    2014  69      4       49
  MINIMUM         37    359 AM  34    2015  44     -7       42
  AVERAGE         55                        56     -1       46

PRECIPITATION (IN)
  TODAY            0.00          1.82 2019   0.03  -0.03     1.82
  MONTH TO DATE    0.34                      1.16  -0.82     2.64
  SINCE OCT 1      0.34                      1.80  -1.46     2.64
  SINCE JAN 1      8.02                     12.67  -4.65    14.40

DEGREE DAYS
 HEATING
  TODAY           10                         9      1       19
  MONTH TO DATE  131                       157    -26       84
  SINCE SEP 1    140                       202    -62      102
  SINCE JUL 1    140                       202    -62      102

 COOLING
  TODAY            0                         0      0        0
  MONTH TO DATE   52                        21     31       61
  SINCE SEP 1    872                       481    391      639
  SINCE JAN 1   2500                      1704    796     2215
..................................................................


WIND (MPH)
  RESULTANT WIND SPEED   1   RESULTANT WIND DIRECTION  NW (310)
  HIGHEST WIND SPEED     8   HIGHEST WIND DIRECTION    SW (230)
  HIGHEST GUST SPEED    10   HIGHEST GUST DIRECTION     W (260)
  AVERAGE WIND SPEED     3.6


SKY COVER
  POSSIBLE SUNSHINE  MM
  AVERAGE SKY COVER 0.0


WEATHER CONDITIONS
 THE FOLLOWING WEATHER WAS RECORDED TODAY.
  NO SIGNIFICANT WEATHER WAS OBSERVED.


RELATIVE HUMIDITY (PERCENT)
 HIGHEST    41           600 AM
 LOWEST      7           200 PM
 AVERAGE    24

..........................................................


THE ONTARIO INTL AIRPORT CA CLIMATE NORMALS FOR TOMORROW
                         NORMAL    RECORD    YEAR
 MAXIMUM TEMPERATURE (F)   68        83      1999
 MINIMUM TEMPERATURE (F)   44        32      2010


SUNRISE AND SUNSET
NOVEMBER 28 2020......SUNRISE   636 AM PST   SUNSET   441 PM PST
NOVEMBER 29 2020......SUNRISE   637 AM PST   SUNSET   441 PM PST


-  INDICATES NEGATIVE NUMBERS.
R  INDICATES RECORD WAS SET OR TIED.
MM INDICATES DATA IS MISSING.
T  INDICATES TRACE AMOUNT.




$$
