000
CDUS41 KAKQ 260629
CLIORF


CLIMATE REPORT
NATIONAL WEATHER SERVICE WAKEFIELD, VA
128 AM EST THU NOV 26 2020


...................................

...THE NORFOLK VA CLIMATE SUMMARY FOR NOVEMBER 25 2020...

CLIMATE NORMAL PERIOD 1981 TO 2010
CLIMATE RECORD PERIOD 1871 TO 2020


WEATHER ITEM   OBSERVED TIME   RECORD YEAR NORMAL DEPARTURE LAST
                VALUE   (LST)  VALUE       VALUE  FROM      YEAR
                                                  NORMAL
..................................................................
TEMPERATURE (F)
 YESTERDAY
  MAXIMUM         66    400 PM  80    1973  58      8       61
  MINIMUM         40    423 AM  22    1950  42     -2       34
  AVERAGE         53                        50      3       48

PRECIPITATION (IN)
  YESTERDAY        0.00          1.04 1957   0.10  -0.10     0.00
  MONTH TO DATE    7.08                      2.62   4.46     2.02
  SINCE SEP 1     17.29                     10.80   6.49     9.38
  SINCE JAN 1     51.38                     42.74   8.64    44.00

SNOWFALL (IN)
  YESTERDAY        0.0           0.4  1938   0.0    0.0
  MONTH TO DATE    0.0                       0.0    0.0
  SINCE NOV 1      0.0                       0.0    0.0
  SINCE JUL 1      0.0                       0.0    0.0
  SNOW DEPTH       0

DEGREE DAYS
 HEATING
  YESTERDAY       12                        15     -3       17
  MONTH TO DATE  189                       291   -102      362
  SINCE SEP 1    219                       448   -229      398
  SINCE JUL 1    219                       448   -229      398

 COOLING
  YESTERDAY        0                         0      0        0
  MONTH TO DATE   20                         1     19        0
  SINCE SEP 1    403                       286    117      459
  SINCE JAN 1   2102                      1621    481     2213
..................................................................


WIND (MPH)
  HIGHEST WIND SPEED    14   HIGHEST WIND DIRECTION     S (180)
  HIGHEST GUST SPEED    22   HIGHEST GUST DIRECTION     S (180)
  AVERAGE WIND SPEED     5.7


SKY COVER
  POSSIBLE SUNSHINE  MM
  AVERAGE SKY COVER 0.1


WEATHER CONDITIONS
 THE FOLLOWING WEATHER WAS RECORDED YESTERDAY.
  NO SIGNIFICANT WEATHER WAS OBSERVED.


RELATIVE HUMIDITY (PERCENT)
 HIGHEST    86           400 AM
 LOWEST     58           400 PM
 AVERAGE    72

..........................................................


THE NORFOLK VA CLIMATE NORMALS FOR TODAY
                         NORMAL    RECORD    YEAR
 MAXIMUM TEMPERATURE (F)   58        76      1990
                                             1986
                                             1946
 MINIMUM TEMPERATURE (F)   42        20      1950


SUNRISE AND SUNSET
NOVEMBER 26 2020......SUNRISE   655 AM EST   SUNSET   449 PM EST
NOVEMBER 27 2020......SUNRISE   656 AM EST   SUNSET   449 PM EST


-  INDICATES NEGATIVE NUMBERS.
R  INDICATES RECORD WAS SET OR TIED.
MM INDICATES DATA IS MISSING.
T  INDICATES TRACE AMOUNT.




$$
