463
CDUS41 KBOX 280627
CLIORH


CLIMATE REPORT
NATIONAL WEATHER SERVICE BOSTON/NORTON MA
127 AM EST SAT NOV 28 2020


...................................

...THE WORCESTER MA CLIMATE SUMMARY FOR NOVEMBER 27 2020...

CLIMATE NORMAL PERIOD 1981 TO 2010
CLIMATE RECORD PERIOD 1892 TO 2020


WEATHER ITEM   OBSERVED TIME   RECORD YEAR NORMAL DEPARTURE LAST
                VALUE   (LST)  VALUE       VALUE  FROM      YEAR
                                                  NORMAL
..................................................................
TEMPERATURE (F)
 YESTERDAY
  MAXIMUM         51    238 PM  66    1896  43      8       47
  MINIMUM         44   1116 PM   5    1932  29     15       38
  AVERAGE         48                        36     12       43

PRECIPITATION (IN)
  YESTERDAY        T             2.57 2013   0.14  -0.14     0.22
  MONTH TO DATE    3.57                      3.85  -0.28     2.60
  SINCE SEP 1     11.93                     12.46  -0.53    12.48
  SINCE JAN 1     37.79                     43.82  -6.03    47.71

SNOWFALL (IN)
  YESTERDAY        0.0          10.8  1940   0.1   -0.1      0.0
  MONTH TO DATE    T                         2.0   -2.0       T
  SINCE SEP 1      6.2                       2.2    4.0       T
  SINCE JUL 1      6.2                       2.2    4.0       T
  SNOW DEPTH      MM

DEGREE DAYS
 HEATING
  YESTERDAY       17                        29    -12       22
  MONTH TO DATE  509                       652   -143      768
  SINCE SEP 1   1028                      1274   -246     1288
  SINCE JUL 1   1039                      1313   -274     1302

 COOLING
  YESTERDAY        0                         0      0        0
  MONTH TO DATE    0                         0      0        0
  SINCE SEP 1     59                        45     14       34
  SINCE JAN 1    776                       471    305      545
..................................................................


WIND (MPH)
  RESULTANT WIND SPEED   8   RESULTANT WIND DIRECTION   W (290)
  HIGHEST WIND SPEED    22   HIGHEST WIND DIRECTION     W (290)
  HIGHEST GUST SPEED    27   HIGHEST GUST DIRECTION     W (290)
  AVERAGE WIND SPEED     8.6


SKY COVER
  POSSIBLE SUNSHINE  MM
  AVERAGE SKY COVER 0.8


WEATHER CONDITIONS
 THE FOLLOWING WEATHER WAS RECORDED YESTERDAY.
  LIGHT RAIN


RELATIVE HUMIDITY (PERCENT)
 HIGHEST    86           800 AM
 LOWEST     66           800 PM
 AVERAGE    76

..........................................................


THE WORCESTER MA CLIMATE NORMALS FOR TODAY
                         NORMAL    RECORD    YEAR
 MAXIMUM TEMPERATURE (F)   43        67      1990
 MINIMUM TEMPERATURE (F)   29         7      1936


SUNRISE AND SUNSET
NOVEMBER 28 2020......SUNRISE   654 AM EST   SUNSET   417 PM EST
NOVEMBER 29 2020......SUNRISE   655 AM EST   SUNSET   417 PM EST


-  INDICATES NEGATIVE NUMBERS.
R  INDICATES RECORD WAS SET OR TIED.
MM INDICATES DATA IS MISSING.
T  INDICATES TRACE AMOUNT.




$$
