673
CDUS41 KBOX 130700
CLIORH

CLIMATE REPORT
NATIONAL WEATHER SERVICE BOSTON/NORTON MA
300 AM EDT SUN JUN 13 2021

...................................

...THE WORCESTER MA CLIMATE SUMMARY FOR JUNE 12 2021...

CLIMATE NORMAL PERIOD 1991 TO 2020
CLIMATE RECORD PERIOD 1892 TO 2021


WEATHER ITEM   OBSERVED TIME   RECORD YEAR NORMAL DEPARTURE LAST
                VALUE   (LST)  VALUE       VALUE  FROM      YEAR
                                                  NORMAL
...................................................................
TEMPERATURE (F)
 YESTERDAY
  MAXIMUM         73    437 PM  90    1949  74     -1       80
                                      1973
                                      2017
  MINIMUM         55    604 AM  39    1980  55      0       60
  AVERAGE         64                        64      0       70

PRECIPITATION (IN)
  YESTERDAY        0.25          1.46 1903   0.15   0.10     0.00
  MONTH TO DATE    0.33                      1.74  -1.41     0.70
  SINCE JUN 1      0.33                      1.74  -1.41     0.70
  SINCE JAN 1     16.89                     20.35  -3.46    18.12

SNOWFALL (IN)
  YESTERDAY        0.0           T    1940   0.0    0.0      0.0
  MONTH TO DATE    0.0                       0.0    0.0      0.0
  SINCE JUN 1      0.0                       0.0    0.0      0.0
  SINCE JUL 1     77.7                      72.9    4.8     44.9

DEGREE DAYS
 HEATING
  YESTERDAY        1                         3     -2        0
  MONTH TO DATE    8                        51    -43       27
  SINCE JUN 1      8                        51    -43       27
  SINCE JUL 1   5841                      6595   -754     6291

 COOLING
  YESTERDAY        0                         2     -2        5
  MONTH TO DATE   71                        23     48       38
  SINCE JUN 1     71                        23     48       38
  SINCE JAN 1    106                        47     59       65
...................................................................


WIND (MPH)
  RESULTANT WIND SPEED   0   RESULTANT WIND DIRECTION   N (10)
  HIGHEST WIND SPEED    12   HIGHEST WIND DIRECTION     W (260)
  HIGHEST GUST SPEED    14   HIGHEST GUST DIRECTION     W (260)
  AVERAGE WIND SPEED     4.9


SKY COVER
  POSSIBLE SUNSHINE  MM
  AVERAGE SKY COVER 0.6


WEATHER CONDITIONS
THE FOLLOWING WEATHER WAS RECORDED YESTERDAY.
  RAIN
  LIGHT RAIN
  FOG
  FOG W/VISIBILITY <= 1/4 MILE


RELATIVE HUMIDITY (PERCENT)
 HIGHEST    97           300 AM
 LOWEST     35           600 PM
 AVERAGE    66

..........................................................


THE WORCESTER MA CLIMATE NORMALS FOR TODAY
                         NORMAL    RECORD    YEAR
 MAXIMUM TEMPERATURE (F)   74        92      1892
                                             1984
 MINIMUM TEMPERATURE (F)   55        41      1925
                                             1979


SUNRISE AND SUNSET
JUNE 13 2021..........SUNRISE   510 AM EDT   SUNSET   825 PM EDT
JUNE 14 2021..........SUNRISE   510 AM EDT   SUNSET   825 PM EDT


-  INDICATES NEGATIVE NUMBERS.
R  INDICATES RECORD WAS SET OR TIED.
MM INDICATES DATA IS MISSING.
T  INDICATES TRACE AMOUNT.




$$
