651
CDUS46 KMFR 130838
CLIOTH

CLIMATE REPORT
NATIONAL WEATHER SERVICE MEDFORD, OR
138 AM PDT SUN JUN 13 2021

...................................

...THE NORTH BEND OR CLIMATE SUMMARY FOR JUNE 12 2021...

CLIMATE NORMAL PERIOD 1991 TO 2020
CLIMATE RECORD PERIOD 1902 TO 2021


WEATHER ITEM   OBSERVED TIME   RECORD YEAR NORMAL DEPARTURE LAST
                VALUE   (LST)  VALUE       VALUE  FROM      YEAR
                                                  NORMAL
...................................................................
TEMPERATURE (F)
 YESTERDAY
  MAXIMUM         66        MM  80    1916  63      3       63
  MINIMUM         55        MM  36    1917  51      4       53
  AVERAGE         61                        57      4       58

PRECIPITATION (IN)
  YESTERDAY        1.00R         0.63 1981   0.06   0.94     0.10
  MONTH TO DATE    1.35                      0.83   0.52     0.79
  SINCE OCT 1     37.83                     56.10 -18.27    36.28
  SINCE JAN 1     20.79                     33.09 -12.30    22.58

SNOWFALL (IN)
  YESTERDAY       MM
  SNOW DEPTH      MM

DEGREE DAYS
 HEATING
  YESTERDAY        4                         8     -4        7
  MONTH TO DATE   96                       101     -5      107
  SINCE JUN 1     96                       101     -5      107
  SINCE JUL 1   4066                      4242   -176     4199

 COOLING
  YESTERDAY        0                         0      0        0
  MONTH TO DATE    0                         0      0        0
  SINCE JUN 1      0                         0      0        0
  SINCE JAN 1      0                         0      0        0
...................................................................


WIND (MPH)
  HIGHEST WIND SPEED    14   HIGHEST WIND DIRECTION     S (200)
  HIGHEST GUST SPEED    16   HIGHEST GUST DIRECTION    SW (220)
  AVERAGE WIND SPEED     5.8


SKY COVER
  POSSIBLE SUNSHINE  MM
  AVERAGE SKY COVER 0.9


WEATHER CONDITIONS
THE FOLLOWING WEATHER WAS RECORDED YESTERDAY.
  RAIN
  LIGHT RAIN
  FOG


RELATIVE HUMIDITY (PERCENT)
 HIGHEST   100           900 PM
 LOWEST     75          1100 AM

..........................................................


THE NORTH BEND OR CLIMATE NORMALS FOR TODAY
                         NORMAL    RECORD    YEAR
 MAXIMUM TEMPERATURE (F)   63        77      1936
 MINIMUM TEMPERATURE (F)   51        39      1976


SUNRISE AND SUNSET
JUNE 13 2021..........SUNRISE   536 AM PDT   SUNSET   859 PM PDT
JUNE 14 2021..........SUNRISE   536 AM PDT   SUNSET   859 PM PDT


-  INDICATES NEGATIVE NUMBERS.
R  INDICATES RECORD WAS SET OR TIED.
MM INDICATES DATA IS MISSING.
T  INDICATES TRACE AMOUNT.




$$
