000
CDUS46 KMFR 280831
CLIOTH

CLIMATE REPORT
NATIONAL WEATHER SERVICE MEDFORD, OR
1231 AM PST SAT NOV 28 2020

...................................

...THE NORTH BEND OR CLIMATE SUMMARY FOR NOVEMBER 27 2020...

CLIMATE NORMAL PERIOD 1981 TO 2010
CLIMATE RECORD PERIOD 1902 TO 2020


WEATHER ITEM   OBSERVED TIME   RECORD YEAR NORMAL DEPARTURE LAST
                VALUE   (LST)  VALUE       VALUE  FROM      YEAR
                                                  NORMAL
...................................................................
TEMPERATURE (F)
 YESTERDAY
  MAXIMUM         54        MM  72    2002  53      1       42
  MINIMUM         32        MM  22    1919  41     -9       31
  AVERAGE         43                        47     -4       37

PRECIPITATION (IN)
  YESTERDAY        T             3.59 1945   0.38  -0.38     0.04
  MONTH TO DATE    6.42                      9.05  -2.63     1.93
  SINCE OCT 1      7.99                     13.78  -5.79     4.36
  SINCE JAN 1     33.26                     52.60 -19.34    49.45

SNOWFALL (IN)
  YESTERDAY       MM
  SNOW DEPTH      MM

DEGREE DAYS
 HEATING
  YESTERDAY       22                        18      4       28
  MONTH TO DATE  427                       431     -4      440
  SINCE SEP 1    824                      1018   -194      907
  SINCE JUL 1   1109                      1397   -288     1042

 COOLING
  YESTERDAY        0                         0      0        0
  MONTH TO DATE    0                         0      0        0
  SINCE SEP 1     34                         1     33        2
  SINCE JAN 1     42                         2     40       16
...................................................................


WIND (MPH)
  HIGHEST WIND SPEED     8   HIGHEST WIND DIRECTION    SE (150)
  HIGHEST GUST SPEED    MM   HIGHEST GUST DIRECTION    MM
  AVERAGE WIND SPEED     4.3


SKY COVER
  POSSIBLE SUNSHINE  MM
  AVERAGE SKY COVER 0.4


WEATHER CONDITIONS
THE FOLLOWING WEATHER WAS RECORDED YESTERDAY.
  LIGHT RAIN
  FOG
  FOG W/VISIBILITY <= 1/4 MILE


RELATIVE HUMIDITY (PERCENT)
 HIGHEST   100          1200 AM
 LOWEST     68           100 PM

..........................................................


THE NORTH BEND OR CLIMATE NORMALS FOR TODAY
                         NORMAL    RECORD    YEAR
 MAXIMUM TEMPERATURE (F)   52        71      2002
 MINIMUM TEMPERATURE (F)   41        26      1919


SUNRISE AND SUNSET
NOVEMBER 28 2020......SUNRISE   727 AM PST   SUNSET   443 PM PST
NOVEMBER 29 2020......SUNRISE   728 AM PST   SUNSET   443 PM PST


-  INDICATES NEGATIVE NUMBERS.
R  INDICATES RECORD WAS SET OR TIED.
MM INDICATES DATA IS MISSING.
T  INDICATES TRACE AMOUNT.




$$
