000
CDAK49 PAFG 040959
CLIOTZ

CLIMATE REPORT
NATIONAL WEATHER SERVICE FAIRBANKS AK
1259 AM AKST FRI DEC 4 2020


...THE KOTZEBUE AK CLIMATE SUMMARY FOR DECEMBER 3 2020...

CLIMATE NORMAL PERIOD 1981 TO 2010
CLIMATE RECORD PERIOD 1920 TO 2020


WEATHER ITEM   OBSERVED TIME   RECORD YEAR NORMAL DEPARTURE LAST
                VALUE   (LST)  VALUE       VALUE  FROM      YEAR
                                                  NORMAL
...................................................................
TEMPERATURE (F)
 YESTERDAY
  MAXIMUM         19        MM  32    2018  11      8        6
  MINIMUM          4        MM -39    1951  -1      5      -11
  AVERAGE         12                         5      7       -2

PRECIPITATION (IN)
  YESTERDAY        0.02          0.45 2010   0.03  -0.01     0.00
  MONTH TO DATE    0.02                      0.08  -0.06      T
  SINCE DEC 1      0.02                      0.08  -0.06      T
  SINCE JAN 1      8.84                     10.32  -1.48    13.56

DEGREE DAYS
 HEATING
  YESTERDAY       53                        60     -7       67
  MONTH TO DATE  181                       180      1      183
  SINCE DEC 1    181                       180      1      183
  SINCE JUL 1   4085                      4538   -453     3300

 COOLING
  YESTERDAY        0                         0      0        0
  MONTH TO DATE    0                         0      0        0
  SINCE DEC 1      0                         0      0        0
  SINCE JAN 1      0                         5     -5        0
...................................................................


WIND (MPH)
  HIGHEST GUST SPEED    24   HIGHEST GUST DIRECTION    SW (230)


SKY COVER
  AVERAGE SKY COVER 1.0


WEATHER CONDITIONS
THE FOLLOWING WEATHER WAS RECORDED YESTERDAY.
  SNOW
  LIGHT SNOW
  FOG


RELATIVE HUMIDITY (PERCENT)
 HIGHEST    95
 LOWEST     83
 AVERAGE    89

..........................................................


THE KOTZEBUE AK CLIMATE NORMALS FOR TODAY
                         NORMAL    RECORD    YEAR
 MAXIMUM TEMPERATURE (F)   11        34      2002
 MINIMUM TEMPERATURE (F)   -1       -39      1951


SUNRISE AND SUNSET
DECEMBER 04 2020......SUNRISE  1212 PM AKST  SUNSET   311 PM AKST
DECEMBER 05 2020......SUNRISE  1216 PM AKST  SUNSET   308 PM AKST

-  INDICATES NEGATIVE NUMBERS.
R  INDICATES RECORD WAS SET OR TIED.
MM INDICATES DATA IS MISSING.
T  INDICATES TRACE AMOUNT.

&&

----------------------------
AVAILABLE DAYLIGHT

AMOUNT OF DAYLIGHT TODAY  (HOUR:MIN)........2:59
GAIN/LOSS SINCE YESTERDAY (HOUR:MIN:SEC)....-0:07:16
----------------------------

$$
DEC 20
