732
CDUS43 KDDC 282325
CLIP28

CLIMATE REPORT
NATIONAL WEATHER SERVICE
525 PM CST SAT NOV 28 2020

...................................

...THE MEDICINE LODGE KS CLIMATE SUMMARY FOR NOVEMBER 28 2020...
VALID TODAY AS OF 0525 PM LOCAL TIME.

CLIMATE NORMAL PERIOD 1981 TO 2010
CLIMATE RECORD PERIOD 1893 TO 2020


WEATHER ITEM   OBSERVED TIME   RECORD YEAR NORMAL DEPARTURE LAST
                VALUE   (LST)  VALUE       VALUE  FROM      YEAR
                                                  NORMAL
...................................................................
TEMPERATURE (F)
 TODAY
  MAXIMUM         53    118 PM  76    1949  52      1       38
  MINIMUM         24    734 AM   4    1976  27     -3       33
  AVERAGE         39                        40     -1       36

PRECIPITATION (IN)
  TODAY            0.00          1.85 1948   0.02  -0.02     0.31
  MONTH TO DATE    0.98                      0.89   0.09     0.53
  SINCE SEP 1      6.54                      5.83   0.71     4.43
  SINCE JAN 1     23.74                     26.18  -2.44    30.90

DEGREE DAYS
 HEATING
  TODAY           26                        25      1       29
  MONTH TO DATE  416                       535   -119      612
  SINCE SEP 1    836                       804     32     1003
  SINCE JUL 1    836                       804     32     1003

 COOLING
  TODAY            0                         0      0        0
  MONTH TO DATE    3                         0      3        0
  SINCE SEP 1    197                       258    -61      433
  SINCE JAN 1   1667                      1769   -102     1837
...................................................................


WIND (MPH)
  HIGHEST WIND SPEED    15   HIGHEST WIND DIRECTION     S (190)
  HIGHEST GUST SPEED    20   HIGHEST GUST DIRECTION     S (180)
  AVERAGE WIND SPEED     4.3


RELATIVE HUMIDITY (PERCENT)
 HIGHEST    81           100 AM
 LOWEST     35           100 PM
 AVERAGE    58

..........................................................


THE MEDICINE LODGE KS CLIMATE NORMALS FOR TOMORROW
                         NORMAL    RECORD    YEAR
 MAXIMUM TEMPERATURE (F)   52        78      1933
                                             2014
 MINIMUM TEMPERATURE (F)   27         0      1976


SUNRISE AND SUNSET
NOVEMBER 28 2020......SUNRISE   727 AM CST   SUNSET   517 PM CST
NOVEMBER 29 2020......SUNRISE   728 AM CST   SUNSET   517 PM CST


-  INDICATES NEGATIVE NUMBERS.
R  INDICATES RECORD WAS SET OR TIED.
MM INDICATES DATA IS MISSING.
T  INDICATES TRACE AMOUNT.




$$
