000
CDUS45 KRIW 290830
CLIP60

CLIMATE REPORT
NATIONAL WEATHER SERVICE RIVERTON WY
130 AM MST SUN NOV 29 2020

...................................

...THE LAKE YELLOWSTONE WY CLIMATE SUMMARY FOR NOVEMBER 28 2020...

CLIMATE NORMAL PERIOD: 1981 TO 2010
CLIMATE RECORD PERIOD: 1998 TO 2020


WEATHER ITEM   OBSERVED TIME   RECORD YEAR NORMAL DEPARTURE LAST
                VALUE   (LST)  VALUE       VALUE  FROM      YEAR
                                                  NORMAL
...................................................................
TEMPERATURE (F)
 YESTERDAY
  MAXIMUM         30   2:50 PM  40    2014  27      3       23
                                      2011
  MINIMUM          3  11:53 PM -13    2004   7     -4        5
  AVERAGE         17                        17      0       14

PRECIPITATION (IN)
  YESTERDAY        0.00          0.42 1998   0.06  -0.06     0.31
  MONTH TO DATE    2.29                      1.94   0.35     0.75
  SINCE SEP 1      5.03                      4.59   0.44     5.93
  SINCE JAN 1     21.83                     18.66   3.17    20.28

DEGREE DAYS
 HEATING
  YESTERDAY       48                        48      0       51
  MONTH TO DATE 1177                      1175      2     1168
  SINCE SEP 1   2684                      2636     48     3018
  SINCE JUL 1   3244                      3223     21     3615

 COOLING
  YESTERDAY        0                         0      0        0
  MONTH TO DATE    0                         0      0        0
  SINCE SEP 1      0                         0      0        0
  SINCE JAN 1      0                         0      0        0
...................................................................


WIND (MPH)
  HIGHEST WIND SPEED     7   HIGHEST WIND DIRECTION     W (270)
  HIGHEST GUST SPEED    13   HIGHEST GUST DIRECTION     S (190)
  AVERAGE WIND SPEED     1.5


SKY COVER
  POSSIBLE SUNSHINE  MM
  AVERAGE SKY COVER 0.0


WEATHER CONDITIONS
THE FOLLOWING WEATHER WAS RECORDED YESTERDAY.
  NO SIGNIFICANT WEATHER WAS OBSERVED.


RELATIVE HUMIDITY (PERCENT)
 HIGHEST    96           9:00 AM
 LOWEST     44           2:00 PM
 AVERAGE    70

..........................................................


THE LAKE YELLOWSTONE WY CLIMATE NORMALS FOR TODAY
                         NORMAL    RECORD    YEAR
 MAXIMUM TEMPERATURE (F)   27        38      1999
                                             2013
 MINIMUM TEMPERATURE (F)    7       -16      2004


SUNRISE AND SUNSET
NOVEMBER 29 2020......SUNRISE   7:37 AM MST   SUNSET   4:44 PM MST
NOVEMBER 30 2020......SUNRISE   7:38 AM MST   SUNSET   4:43 PM MST


-  INDICATES NEGATIVE NUMBERS.
R  INDICATES RECORD WAS SET OR TIED.
MM INDICATES DATA IS MISSING.
T  INDICATES TRACE AMOUNT.




$$
