397
CDUS45 KLKN 290029
CLIP68


CLIMATE REPORT
NATIONAL WEATHER SERVICE ELKO NV
429 PM PST SAT NOV 28 2020


...................................

...THE EUREKA AIRPORT NV CLIMATE SUMMARY FOR NOVEMBER 28 2020...
VALID TODAY AS OF 0400 PM LOCAL TIME.

CLIMATE NORMAL PERIOD 1981 TO 2010
CLIMATE RECORD PERIOD 1963 TO 2020


WEATHER ITEM   OBSERVED TIME   RECORD YEAR NORMAL DEPARTURE LAST
                VALUE   (LST)  VALUE       VALUE  FROM      YEAR
                                                  NORMAL
..................................................................
TEMPERATURE (F)
 TODAY
  MAXIMUM         52    305 PM  62    2014  44      8       29
  MINIMUM         10    614 AM  -1    2015  16     -6       13
                                      1994
  AVERAGE         31                        30      1       21

PRECIPITATION (IN)
  TODAY            0.00          0.33 2005   0.02  -0.02     0.07
  MONTH TO DATE    0.48                      0.74  -0.26     0.77
  SINCE OCT 1      0.48                      1.48  -1.00     0.77
  SINCE JAN 1      2.82                      8.35  -5.53    12.71

DEGREE DAYS
 HEATING
  TODAY           34                        35     -1       44
  MONTH TO DATE  796                       840    -44      765
  SINCE SEP 1   1410                      1640   -230     1824
  SINCE JUL 1   1413                      1687   -274     1852

 COOLING
  TODAY            0                         0      0        0
  MONTH TO DATE    0                         0      0        0
  SINCE SEP 1     44                        11     33       29
  SINCE JAN 1    508                       288    220      318
..................................................................


WIND (MPH)
  HIGHEST WIND SPEED    12   HIGHEST WIND DIRECTION    SW (210)
  HIGHEST GUST SPEED    13   HIGHEST GUST DIRECTION    SW (210)




RELATIVE HUMIDITY (PERCENT)
 HIGHEST    83           700 AM
 LOWEST     24           300 PM
 AVERAGE    54

..........................................................


THE EUREKA AIRPORT NV CLIMATE NORMALS FOR TOMORROW
                         NORMAL    RECORD    YEAR
 MAXIMUM TEMPERATURE (F)   43        64      1995
 MINIMUM TEMPERATURE (F)   15       -14      2006


SUNRISE AND SUNSET
NOVEMBER 28 2020......SUNRISE   643 AM PST   SUNSET   421 PM PST
NOVEMBER 29 2020......SUNRISE   644 AM PST   SUNSET   421 PM PST


-  INDICATES NEGATIVE NUMBERS.
R  INDICATES RECORD WAS SET OR TIED.
MM INDICATES DATA IS MISSING.
T  INDICATES TRACE AMOUNT.




$$
