000
CDUS43 KPAH 260642
CLIPAH

CLIMATE REPORT
NATIONAL WEATHER SERVICE PADUCAH
1242 AM CST THU NOV 26 2020

...................................

...THE PADUCAH KY CLIMATE SUMMARY FOR NOVEMBER 25 2020...

CLIMATE NORMAL PERIOD 1981 TO 2010
CLIMATE RECORD PERIOD 1937 TO 2020


WEATHER ITEM   OBSERVED TIME   RECORD YEAR NORMAL DEPARTURE LAST
                VALUE   (LST)  VALUE       VALUE  FROM      YEAR
                                                  NORMAL
...................................................................
TEMPERATURE (F)
 YESTERDAY
  MAXIMUM         66   1128 AM  73    1990  54     12       64
  MINIMUM         47   1142 PM  -3    1950  35     12       41
  AVERAGE         57                        44     13       53

PRECIPITATION (IN)
  YESTERDAY        1.31          2.13 1996   0.16   1.15     0.00
  MONTH TO DATE    2.39                      3.50  -1.11     3.99
  SINCE SEP 1     16.28                     11.21   5.07    10.78
  SINCE JAN 1     55.70                     43.69  12.01    66.59

SNOWFALL (IN)
  YESTERDAY        0.0           T    1996   0.0    0.0      0.0
                                      2010
                                      2013
  MONTH TO DATE    0.0                       0.0    0.0      1.2
  SINCE SEP 1      0.0                       0.1   -0.1      1.2
  SINCE JUL 1      0.0                       0.1   -0.1      1.2
  SNOW DEPTH       0

DEGREE DAYS
 HEATING
  YESTERDAY        8                        21    -13       12
  MONTH TO DATE  278                       399   -121      581
  SINCE SEP 1    549                       665   -116      808
  SINCE JUL 1    549                       666   -117      808

 COOLING
  YESTERDAY        0                         0      0        0
  MONTH TO DATE   13                         0     13        0
  SINCE SEP 1    261                       225     36      431
  SINCE JAN 1   1650                      1538    112     1856
...................................................................


WIND (MPH)
  HIGHEST WIND SPEED    30   HIGHEST WIND DIRECTION    SW (240)
  HIGHEST GUST SPEED    42   HIGHEST GUST DIRECTION    SW (240)
  AVERAGE WIND SPEED    12.7


SKY COVER
  POSSIBLE SUNSHINE  MM
  AVERAGE SKY COVER 0.9


WEATHER CONDITIONS
THE FOLLOWING WEATHER WAS RECORDED YESTERDAY.
  THUNDERSTORM
  HEAVY RAIN
  RAIN
  LIGHT RAIN
  FOG


RELATIVE HUMIDITY (PERCENT)
 HIGHEST    93           400 AM
 LOWEST     63           100 PM
 AVERAGE    78

..........................................................


THE PADUCAH KY CLIMATE NORMALS FOR TODAY
                         NORMAL    RECORD    YEAR
 MAXIMUM TEMPERATURE (F)   53        74      1965
                                             1990
 MINIMUM TEMPERATURE (F)   34        13      1977


SUNRISE AND SUNSET
NOVEMBER 26 2020......SUNRISE   645 AM CST   SUNSET   439 PM CST
NOVEMBER 27 2020......SUNRISE   646 AM CST   SUNSET   439 PM CST


-  INDICATES NEGATIVE NUMBERS.
R  INDICATES RECORD WAS SET OR TIED.
MM INDICATES DATA IS MISSING.
T  INDICATES TRACE AMOUNT.




$$
