000
CDUS44 KLZK 280642
CLIPBF


CLIMATE REPORT
NATIONAL WEATHER SERVICE LITTLE ROCK AR
1239 AM CST SAT NOV 28 2020


...................................

...THE PINE BLUFF CLIMATE SUMMARY FOR NOVEMBER 27 2020...

CLIMATE NORMAL PERIOD 1981 TO 2010
CLIMATE RECORD PERIOD 1883 TO 2020


WEATHER ITEM   OBSERVED TIME   RECORD YEAR NORMAL DEPARTURE LAST
                VALUE   (LST)  VALUE       VALUE  FROM      YEAR
                                                  NORMAL
..................................................................
TEMPERATURE (F)
 YESTERDAY
  MAXIMUM         59    307 PM  84    1927  59      0       70
  MINIMUM         44        MM  17    1938  39      5       44
  AVERAGE         52                        49      3       57

PRECIPITATION (IN)
  YESTERDAY        0.00          2.80 1973   0.17  -0.17     0.00
  MONTH TO DATE    1.05                      4.29  -3.24     3.17
  SINCE SEP 1     12.26                     11.98   0.28    11.42
  SINCE JAN 1     55.91                     45.17  10.74    61.35

SNOWFALL (IN)
  YESTERDAY        0.0           1.8  1980   0.0    0.0      0.0
  MONTH TO DATE    0.0                       0.0    0.0       T
  SINCE SEP 1      0.0                       0.0    0.0       T
  SINCE JUL 1      0.0                       0.0    0.0       T
  SNOW DEPTH       0

DEGREE DAYS
 HEATING
  YESTERDAY       13                        16     -3        8
  MONTH TO DATE  229                       317    -88      460
  SINCE SEP 1    418                       454    -36      620
  SINCE JUL 1    418                       454    -36      620

 COOLING
  YESTERDAY        0                         0      0        0
  MONTH TO DATE   15                        10      5        0
  SINCE SEP 1    335                       371    -36      596
  SINCE JAN 1   1955                      2129   -174     2291
..................................................................


WIND (MPH)
  HIGHEST WIND SPEED    12   HIGHEST WIND DIRECTION     N (10)
  HIGHEST GUST SPEED    15   HIGHEST GUST DIRECTION     N (10)
  AVERAGE WIND SPEED     4.4


SKY COVER
  POSSIBLE SUNSHINE  MM
  AVERAGE SKY COVER 0.8


WEATHER CONDITIONS
 THE FOLLOWING WEATHER WAS RECORDED YESTERDAY.
  NO SIGNIFICANT WEATHER WAS OBSERVED.


RELATIVE HUMIDITY (PERCENT)
 HIGHEST    86           300 AM
 LOWEST     62          1200 PM
 AVERAGE    74

..........................................................


THE PINE BLUFF CLIMATE NORMALS FOR TODAY
                         NORMAL    RECORD    YEAR
 MAXIMUM TEMPERATURE (F)   58        81      1927
 MINIMUM TEMPERATURE (F)   39        21      1912


SUNRISE AND SUNSET
NOVEMBER 28 2020......SUNRISE   653 AM CST   SUNSET   458 PM CST
NOVEMBER 29 2020......SUNRISE   654 AM CST   SUNSET   458 PM CST


-  INDICATES NEGATIVE NUMBERS.
R  INDICATES RECORD WAS SET OR TIED.
MM INDICATES DATA IS MISSING.
T  INDICATES TRACE AMOUNT.




$$
