000
CDUS42 KMFL 290923
CLIPBI


CLIMATE REPORT
NATIONAL WEATHER SERVICE MIAMI, FL
423 AM EST SUN NOV 29 2020


...................................

...THE WEST PALM BEACH CLIMATE SUMMARY FOR NOVEMBER 28 2020...

CLIMATE NORMAL PERIOD 1981 TO 2010
CLIMATE RECORD PERIOD 1888 TO 2020


WEATHER ITEM   OBSERVED TIME   RECORD YEAR NORMAL DEPARTURE LAST
                VALUE   (LST)  VALUE       VALUE  FROM      YEAR
                                                  NORMAL
..................................................................
TEMPERATURE (F)
 YESTERDAY
  MAXIMUM         83    120 PM  89    1948  78      5       83
                                      1921
  MINIMUM         65    622 AM  36    1903  63      2       61
  AVERAGE         74                        71      3       72

PRECIPITATION (IN)
  YESTERDAY        0.00          4.10 1947   0.13  -0.13     0.00
  MONTH TO DATE    7.57                      4.48   3.09     3.21
  SINCE NOV 1      7.57                      4.48   3.09     3.21
  SINCE JAN 1     69.86                     58.68  11.18    56.60

SNOWFALL (IN)
  YESTERDAY        0.0
  MONTH TO DATE    0.0
  SINCE SEP 1      0.0
  SINCE JUL 1      0.0
  SNOW DEPTH       0

DEGREE DAYS
 HEATING
  YESTERDAY        0                         1     -1        0
  MONTH TO DATE    0                         7     -7        6
  SINCE SEP 1      0                         8     -8        6
  SINCE JUL 1      0                         8     -8        6

 COOLING
  YESTERDAY        9                         6      3        7
  MONTH TO DATE  386                       231    155      251
  SINCE SEP 1   1443                      1146    297     1315
  SINCE JAN 1   4887                      3852   1035     4481
..................................................................


WIND (MPH)
  HIGHEST WIND SPEED    12   HIGHEST WIND DIRECTION    SE (130)
  HIGHEST GUST SPEED    14   HIGHEST GUST DIRECTION    SE (130)
  AVERAGE WIND SPEED     3.8


SKY COVER
  AVERAGE SKY COVER 0.4


WEATHER CONDITIONS
 THE FOLLOWING WEATHER WAS RECORDED YESTERDAY.
  NO SIGNIFICANT WEATHER WAS OBSERVED.


RELATIVE HUMIDITY (PERCENT)
 HIGHEST    93
 LOWEST     54
 AVERAGE    74

..........................................................


THE WEST PALM BEACH CLIMATE NORMALS FOR TODAY
                         NORMAL    RECORD    YEAR
 MAXIMUM TEMPERATURE (F)   78        89      1976
                                             1948
 MINIMUM TEMPERATURE (F)   63        40      1966


SUNRISE AND SUNSET
NOVEMBER 29 2020......SUNRISE   651 AM EST   SUNSET   527 PM EST
NOVEMBER 30 2020......SUNRISE   651 AM EST   SUNSET   527 PM EST


-  INDICATES NEGATIVE NUMBERS.
R  INDICATES RECORD WAS SET OR TIED.
MM INDICATES DATA IS MISSING.
T  INDICATES TRACE AMOUNT.




$$
