000
CDUS42 KFFC 290920
CLIPDK

CLIMATE REPORT
NATIONAL WEATHER SERVICE PEACHTREE CITY GA
420 AM EST SUN NOV 29 2020

...................................

...THE DEKALB PEACHTREE AIRPORT CLIMATE SUMMARY FOR NOVEMBER 28 2020...

CLIMATE NORMAL PERIOD: 1981 TO 2010
CLIMATE RECORD PERIOD: 9999 TO 9999


WEATHER ITEM   OBSERVED TIME   RECORD YEAR NORMAL DEPARTURE LAST
                VALUE   (LST)  VALUE       VALUE  FROM      YEAR
                                                  NORMAL
...................................................................
TEMPERATURE (F)
 YESTERDAY
  MAXIMUM         68   1:09 PM  MM      MM  59      9       61
  MINIMUM         48  11:59 PM  MM      MM  39      9       42
  AVERAGE         58                        49      9       52

PRECIPITATION (IN)
  YESTERDAY        0.04         MM      MM   0.16  -0.12     0.00
  MONTH TO DATE    2.21                      3.91  -1.70     2.62
  SINCE SEP 1     17.62                     11.92   5.70     8.26
  SINCE JAN 1     67.39                     48.50  18.89    43.82

SNOWFALL (IN)
  YESTERDAY       MM            MM      MM  MM     MM       MM
  MONTH TO DATE   MM                         0.0   MM        0.0
  SINCE SEP 1      0.0                      MM     MM        0.0
  SINCE JUL 1      0.0                      MM     MM        0.0
  SNOW DEPTH      MM

DEGREE DAYS
 HEATING
  YESTERDAY        7                        16     -9       13
  MONTH TO DATE  239                       342   -103      435
  SINCE SEP 1    328                       494   -166      522
  SINCE JUL 1    328                       494   -166      522
...................................................................


WIND (MPH)
  RESULTANT WIND SPEED   2   RESULTANT WIND DIRECTION  NW (320)
  HIGHEST WIND SPEED    12   HIGHEST WIND DIRECTION     N (340)
  HIGHEST GUST SPEED    15   HIGHEST GUST DIRECTION     N (360)
  AVERAGE WIND SPEED     3.1


SKY COVER
  AVERAGE SKY COVER 0.3


WEATHER CONDITIONS
THE FOLLOWING WEATHER WAS RECORDED YESTERDAY.
  LIGHT RAIN
  FOG


RELATIVE HUMIDITY (PERCENT)
 HIGHEST    96           2:00 AM
 LOWEST     42           3:00 PM
 AVERAGE    69

..........................................................


THE DEKALB PEACHTREE AIRPORT CLIMATE NORMALS FOR TODAY
                         NORMAL    RECORD    YEAR
 MAXIMUM TEMPERATURE (F)   59        MM        MM
 MINIMUM TEMPERATURE (F)   39        MM        MM


SUNRISE AND SUNSET
NOVEMBER 29 2020......SUNRISE   7:23 AM EST   SUNSET   5:28 PM EST
NOVEMBER 30 2020......SUNRISE   7:24 AM EST   SUNSET   5:28 PM EST


-  INDICATES NEGATIVE NUMBERS.
R  INDICATES RECORD WAS SET OR TIED.
MM INDICATES DATA IS MISSING.
T  INDICATES TRACE AMOUNT.




$$
