000
CDUS46 KPDT 260842
CLIPDT

CLIMATE REPORT
NATIONAL WEATHER SERVICE PENDLETON OR
1242 AM PST THU NOV 26 2020

...................................

...THE PENDLETON OR CLIMATE SUMMARY FOR NOVEMBER 25 2020...

CLIMATE NORMAL PERIOD 1981 TO 2010
CLIMATE RECORD PERIOD 1890 TO 2020


WEATHER ITEM   OBSERVED TIME   RECORD YEAR NORMAL DEPARTURE LAST
                VALUE   (LST)  VALUE       VALUE  FROM      YEAR
                                                  NORMAL
...................................................................
TEMPERATURE (F)
 YESTERDAY
  MAXIMUM         45    331 PM  66    1894  45      0       48
  MINIMUM         37    744 AM   2    1993  31      6       31
  AVERAGE         41                        38      3       40

PRECIPITATION (IN)
  YESTERDAY        0.01          0.64 1907   0.05  -0.04     0.02
  MONTH TO DATE    2.42                      1.26   1.16     0.24
  SINCE SEP 1      3.57                      2.84   0.73     1.81
  SINCE JAN 1     12.18                     10.93   1.25    11.55

SNOWFALL (IN)
  YESTERDAY        0.0           2.8  1961   0.0    0.0     MM
  MONTH TO DATE    1.2                       0.9    0.3      0.0
  SINCE SEP 1      1.2                       1.0    0.2       T
  SINCE JUL 1      1.2                       1.0    0.2       T
  SNOW DEPTH       0

DEGREE DAYS
 HEATING
  YESTERDAY       24                        27     -3       25
  MONTH TO DATE  562                       570     -8      571
  SINCE SEP 1    948                      1090   -142     1260
  SINCE JUL 1    953                      1112   -159     1262

 COOLING
  YESTERDAY        0                         0      0        0
  MONTH TO DATE    0                         0      0        0
  SINCE SEP 1    100                        66     34       69
  SINCE JAN 1    751                       636    115      640
...................................................................


WIND (MPH)
  HIGHEST WIND SPEED    24   HIGHEST WIND DIRECTION    SW (240)
  HIGHEST GUST SPEED    34   HIGHEST GUST DIRECTION     W (250)
  AVERAGE WIND SPEED    13.1


SKY COVER
  POSSIBLE SUNSHINE  MM
  AVERAGE SKY COVER 0.6


WEATHER CONDITIONS
THE FOLLOWING WEATHER WAS RECORDED YESTERDAY.
  LIGHT RAIN


RELATIVE HUMIDITY (PERCENT)
 HIGHEST    82          1200 AM
 LOWEST     58          1100 AM
 AVERAGE    70

..........................................................


THE PENDLETON OR CLIMATE NORMALS FOR TODAY
                         NORMAL    RECORD    YEAR
 MAXIMUM TEMPERATURE (F)   44        71      1892
 MINIMUM TEMPERATURE (F)   31         1      1993


SUNRISE AND SUNSET
NOVEMBER 26 2020......SUNRISE   710 AM PST   SUNSET   415 PM PST
NOVEMBER 27 2020......SUNRISE   712 AM PST   SUNSET   415 PM PST


-  INDICATES NEGATIVE NUMBERS.
R  INDICATES RECORD WAS SET OR TIED.
MM INDICATES DATA IS MISSING.
T  INDICATES TRACE AMOUNT.




$$
