000
CDUS46 KPQR 261142
CLIPDX


CLIMATE REPORT
NATIONAL WEATHER SERVICE PORTLAND OREGON
341 AM PST THU NOV 26 2020


...................................

...THE PORTLAND OR CLIMATE SUMMARY FOR NOVEMBER 25 2020...

CLIMATE NORMAL PERIOD 1981 TO 2010
CLIMATE RECORD PERIOD 1940 TO 2020


WEATHER ITEM   OBSERVED TIME   RECORD YEAR NORMAL DEPARTURE LAST
                VALUE   (LST)  VALUE       VALUE  FROM      YEAR
                                                  NORMAL
..................................................................
TEMPERATURE (F)
 YESTERDAY
  MAXIMUM         50    220 PM  63    2014  50      0       51
                                      1977
  MINIMUM         41    244 AM  20    1985  39      2       41
  AVERAGE         46                        44      2       46

PRECIPITATION (IN)
  YESTERDAY        0.01          2.11 1998   0.21  -0.20     0.05
  MONTH TO DATE    4.81                      4.60   0.21     1.43
  SINCE OCT 1      6.32                      7.60  -1.28     2.94
  SINCE JAN 1     26.88                     29.51  -2.63    22.19

SNOWFALL (IN)
  YESTERDAY        0.0           T    1985
  MONTH TO DATE    0.0
  SINCE SEP 1      0.0
  SINCE JUL 1      0.0

DEGREE DAYS
 HEATING
  YESTERDAY       19                        21     -2       19
  MONTH TO DATE  440                       442     -2      410
  SINCE SEP 1    751                       833    -82      904
  SINCE JUL 1    763                       860    -97      907

 COOLING
  YESTERDAY        0                         0      0        0
  MONTH TO DATE    0                         0      0        0
  SINCE SEP 1    124                        61     63       70
  SINCE JAN 1    600                       424    176      564
..................................................................


WIND (MPH)
  HIGHEST WIND SPEED    12   HIGHEST WIND DIRECTION    SW (210)
  HIGHEST GUST SPEED    15   HIGHEST GUST DIRECTION    SW (220)
  AVERAGE WIND SPEED     6.2


SKY COVER
  POSSIBLE SUNSHINE  MM
  AVERAGE SKY COVER 0.8


WEATHER CONDITIONS
 THE FOLLOWING WEATHER WAS RECORDED YESTERDAY.
  LIGHT RAIN
  FOG


RELATIVE HUMIDITY (PERCENT)
 HIGHEST    93          1100 AM
 LOWEST     74           200 PM
 AVERAGE    84

..........................................................


THE PORTLAND OR CLIMATE NORMALS FOR TODAY
                         NORMAL    RECORD    YEAR
 MAXIMUM TEMPERATURE (F)   50        62      2014
 MINIMUM TEMPERATURE (F)   38        18      1952


SUNRISE AND SUNSET
NOVEMBER 26 2020......SUNRISE   725 AM PST   SUNSET   430 PM PST
NOVEMBER 27 2020......SUNRISE   726 AM PST   SUNSET   430 PM PST


-  INDICATES NEGATIVE NUMBERS.
R  INDICATES RECORD WAS SET OR TIED.
MM INDICATES DATA IS MISSING.
T  INDICATES TRACE AMOUNT.




$$
