801
CDUS41 KPBZ 130531
CLIPHD

CLIMATE REPORT
NATIONAL WEATHER SERVICE PITTSBURGH PA
131 AM EDT SUN JUN 13 2021

...................................

...THE NEW PHILADELPHIA OH CLIMATE SUMMARY FOR JUNE 12 2021...

CLIMATE NORMAL PERIOD 1991 TO 2020
CLIMATE RECORD PERIOD 1948 TO 2021


WEATHER ITEM   OBSERVED TIME   RECORD YEAR NORMAL DEPARTURE LAST
                VALUE   (LST)  VALUE       VALUE  FROM      YEAR
                                                  NORMAL
...................................................................
TEMPERATURE (F)
 YESTERDAY
  MAXIMUM         87    522 PM  93    2015  80      7       79
  MINIMUM         64    526 AM  36    1972  58      6       54
  AVERAGE         76                        69      7       67

PRECIPITATION (IN)
  YESTERDAY        0.00          2.13 1985   0.14  -0.14     0.05
  MONTH TO DATE    1.69                      1.70  -0.01     0.74
  SINCE JUN 1      1.69                      1.70  -0.01     0.74
  SINCE JAN 1     13.24                     17.19  -3.95    20.34

DEGREE DAYS
 HEATING
  YESTERDAY        0                         1     -1        0
  MONTH TO DATE    2                        21    -19        8
  SINCE JUN 1      2                        21    -19        8
  SINCE JUL 1   5279                      5561   -282     5164

 COOLING
  YESTERDAY       11                         5      6        2
  MONTH TO DATE   87                        50     37       92
  SINCE JUN 1     87                        50     37       92
  SINCE JAN 1    156                       112     44      167
...................................................................


WIND (MPH)
  HIGHEST WIND SPEED     9   HIGHEST WIND DIRECTION     E (100)
  HIGHEST GUST SPEED    13   HIGHEST GUST DIRECTION     E (100)
  AVERAGE WIND SPEED     1.4


SKY COVER
  POSSIBLE SUNSHINE  MM
  AVERAGE SKY COVER 0.5


WEATHER CONDITIONS
THE FOLLOWING WEATHER WAS RECORDED YESTERDAY.
  FOG
  FOG W/VISIBILITY <= 1/4 MILE
  HAZE


RELATIVE HUMIDITY (PERCENT)
 HIGHEST   100          1200 AM
 LOWEST     51           500 PM
 AVERAGE    76

..........................................................


THE NEW PHILADELPHIA OH CLIMATE NORMALS FOR TODAY
                         NORMAL    RECORD    YEAR
 MAXIMUM TEMPERATURE (F)   80        94      1961
                                             1967
 MINIMUM TEMPERATURE (F)   58        42      1979
                                             1980


SUNRISE AND SUNSET
JUNE 13 2021..........SUNRISE   555 AM EDT   SUNSET   857 PM EDT
JUNE 14 2021..........SUNRISE   555 AM EDT   SUNSET   858 PM EDT


-  INDICATES NEGATIVE NUMBERS.
R  INDICATES RECORD WAS SET OR TIED.
MM INDICATES DATA IS MISSING.
T  INDICATES TRACE AMOUNT.




$$
