000
CDUS41 KPBZ 280634
CLIPHD

CLIMATE REPORT
NATIONAL WEATHER SERVICE PITTSBURGH PA
134 AM EST SAT NOV 28 2020

...................................

...THE NEW PHILADELPHIA OH CLIMATE SUMMARY FOR NOVEMBER 27 2020...

CLIMATE NORMAL PERIOD 1981 TO 2010
CLIMATE RECORD PERIOD 1948 TO 2020


WEATHER ITEM   OBSERVED TIME   RECORD YEAR NORMAL DEPARTURE LAST
                VALUE   (LST)  VALUE       VALUE  FROM      YEAR
                                                  NORMAL
...................................................................
TEMPERATURE (F)
 YESTERDAY
  MAXIMUM         51    403 PM  67    1990  48      3       58
  MINIMUM         39   1102 PM  13    1977  30      9       37
  AVERAGE         45                        39      6       48

PRECIPITATION (IN)
  YESTERDAY        0.00          1.28 1985   0.12  -0.12     0.30
  MONTH TO DATE    1.88                      2.91  -1.03     1.78
  SINCE SEP 1      8.21                      8.92  -0.71     9.20
  SINCE JAN 1     36.01                     35.67   0.34    40.40

DEGREE DAYS
 HEATING
  YESTERDAY       20                        26     -6       17
  MONTH TO DATE  473                       579   -106      737
  SINCE SEP 1    897                      1068   -171     1018
  SINCE JUL 1    897                      1078   -181     1022

 COOLING
  YESTERDAY        0                         0      0        0
  MONTH TO DATE    0                         0      0        0
  SINCE SEP 1     99                        75     24      189
  SINCE JAN 1    983                       697    286      962
...................................................................


WIND (MPH)
  HIGHEST WIND SPEED     9   HIGHEST WIND DIRECTION     W (250)
  HIGHEST GUST SPEED    12   HIGHEST GUST DIRECTION     W (250)
  AVERAGE WIND SPEED     1.0


SKY COVER
  POSSIBLE SUNSHINE  MM
  AVERAGE SKY COVER 0.9


WEATHER CONDITIONS
THE FOLLOWING WEATHER WAS RECORDED YESTERDAY.
  FOG


RELATIVE HUMIDITY (PERCENT)
 HIGHEST    96           700 AM
 LOWEST     63           500 PM
 AVERAGE    80

..........................................................


THE NEW PHILADELPHIA OH CLIMATE NORMALS FOR TODAY
                         NORMAL    RECORD    YEAR
 MAXIMUM TEMPERATURE (F)   47        74      1990
 MINIMUM TEMPERATURE (F)   30        10      2013


SUNRISE AND SUNSET
NOVEMBER 28 2020......SUNRISE   727 AM EST   SUNSET   500 PM EST
NOVEMBER 29 2020......SUNRISE   728 AM EST   SUNSET   500 PM EST


-  INDICATES NEGATIVE NUMBERS.
R  INDICATES RECORD WAS SET OR TIED.
MM INDICATES DATA IS MISSING.
T  INDICATES TRACE AMOUNT.




$$
