000
CDUS41 KPHI 040553
CLIPHL

CLIMATE REPORT
NATIONAL WEATHER SERVICE MOUNT HOLLY NJ
1253 AM EST FRI DEC 04 2020

...................................

...THE PHILADELPHIA PA CLIMATE SUMMARY FOR DECEMBER 3 2020...

CLIMATE NORMAL PERIOD: 1981 TO 2010
CLIMATE RECORD PERIOD: 1872 TO 2020


WEATHER ITEM   OBSERVED TIME   RECORD YEAR NORMAL DEPARTURE LAST
                VALUE   (LST)  VALUE       VALUE  FROM      YEAR
                                                  NORMAL
...................................................................
TEMPERATURE (F)
 YESTERDAY
  MAXIMUM         53   3:34 PM  68    1950  49      4       43
  MINIMUM         33   6:36 AM   9    1976  34     -1       34
  AVERAGE         43                        41      2       39

PRECIPITATION (IN)
  YESTERDAY        0.00          1.60 1967   0.12  -0.12      T
  MONTH TO DATE    0.00                      0.37  -0.37     0.69
  SINCE DEC 1      0.00                      0.37  -0.37     0.69
  SINCE JAN 1     45.38                     38.34   7.04    42.91

SNOWFALL (IN)
  YESTERDAY        0.0           2.0  1903   0.1   -0.1       T
  MONTH TO DATE    0.0                       0.2   -0.2       T
  SINCE DEC 1      0.0                       0.2   -0.2       T
  SINCE JUL 1      0.0                       0.5   -0.5       T
  SNOW DEPTH       0

DEGREE DAYS
 HEATING
  YESTERDAY       22                        24     -2       26
  MONTH TO DATE   67                        70     -3       81
  SINCE DEC 1     67                        70     -3       81
  SINCE JUL 1    661                       886   -225      880

 COOLING
  YESTERDAY        0                         0      0        0
  MONTH TO DATE    0                         0      0        0
  SINCE DEC 1      0                         0      0        0
  SINCE JAN 1   1521                      1301    220     1610
...................................................................


WIND (MPH)
  HIGHEST WIND SPEED    20   HIGHEST WIND DIRECTION     W (250)
  HIGHEST GUST SPEED    23   HIGHEST GUST DIRECTION     W (250)
  AVERAGE WIND SPEED    10.9


SKY COVER
  POSSIBLE SUNSHINE  MM
  AVERAGE SKY COVER 0.5


WEATHER CONDITIONS
THE FOLLOWING WEATHER WAS RECORDED YESTERDAY.
  NO SIGNIFICANT WEATHER WAS OBSERVED.


RELATIVE HUMIDITY (PERCENT)
 HIGHEST    67           6:00 AM
 LOWEST     22           2:00 PM
 AVERAGE    45

..........................................................


THE PHILADELPHIA PA CLIMATE NORMALS FOR TODAY
                         NORMAL    RECORD    YEAR
 MAXIMUM TEMPERATURE (F)   49        73      1998
 MINIMUM TEMPERATURE (F)   34        12      1940
                                             1966


SUNRISE AND SUNSET
DECEMBER  4 2020......SUNRISE   7:07 AM EST   SUNSET   4:36 PM EST
DECEMBER  5 2020......SUNRISE   7:08 AM EST   SUNSET   4:36 PM EST


-  INDICATES NEGATIVE NUMBERS.
R  INDICATES RECORD WAS SET OR TIED.
MM INDICATES DATA IS MISSING.
T  INDICATES TRACE AMOUNT.




$$
