677
CDUS43 KUNR 290836
CLIPHP

CLIMATE REPORT
NATIONAL WEATHER SERVICE RAPID CITY SD
136 AM MST SUN NOV 29 2020

...................................

...THE PHILIP SD CLIMATE SUMMARY FOR NOVEMBER 28 2020...

CLIMATE NORMAL PERIOD 1981 TO 2010
CLIMATE RECORD PERIOD 9999 TO 9999


WEATHER ITEM   OBSERVED TIME   NORMAL DEPARTURE LAST
                VALUE   (LST)  VALUE  FROM      YEAR
                                      NORMAL
.......................................................
TEMPERATURE (F)
 YESTERDAY
  MAXIMUM         63    151 PM  41     22       30
  MINIMUM         27    726 AM  15     12       16
  AVERAGE         45            28     17       23

PRECIPITATION (IN)
  YESTERDAY        0.00          0.01  -0.01     0.01
  MONTH TO DATE    0.02          0.59  -0.57     0.41
  SINCE SEP 1      1.75          3.51  -1.76     3.28
  SINCE JAN 1     13.28         16.89  -3.61    20.53

DEGREE DAYS
 HEATING
  YESTERDAY       20            37    -17       42
  MONTH TO DATE  658           854   -196      897
  SINCE SEP 1   1519          1532    -13     1766
  SINCE JUL 1   1526          1557    -31     1779

 COOLING
  YESTERDAY        0             0      0        0
  MONTH TO DATE    0             0      0        0
  SINCE SEP 1     72            83    -11       95
  SINCE JAN 1    912           818     94      669
.......................................................


WIND (MPH)
  HIGHEST WIND SPEED    24   HIGHEST WIND DIRECTION     N (340)
  HIGHEST GUST SPEED    32   HIGHEST GUST DIRECTION     N (340)
  AVERAGE WIND SPEED    12.2


SKY COVER
  AVERAGE SKY COVER 0.0


RELATIVE HUMIDITY (PERCENT)
 HIGHEST    58           700 AM
 LOWEST     18           200 PM
 AVERAGE    38

..........................................................



SUNRISE AND SUNSET
NOVEMBER 29 2020......SUNRISE   700 AM MST   SUNSET   410 PM MST
NOVEMBER 30 2020......SUNRISE   701 AM MST   SUNSET   410 PM MST


-  INDICATES NEGATIVE NUMBERS.
R  INDICATES RECORD WAS SET OR TIED.
MM INDICATES DATA IS MISSING.
T  INDICATES TRACE AMOUNT.




$$
