000
CDUS45 KPSR 130818
CLIPHX

CLIMATE REPORT
NATIONAL WEATHER SERVICE PHOENIX AZ
118 AM MST SUN JUN 13 2021

...................................

...THE PHOENIX AZ CLIMATE SUMMARY FOR JUNE 12 2021...

CLIMATE NORMAL PERIOD 1991 TO 2020
CLIMATE RECORD PERIOD 1895 TO 2021


WEATHER ITEM   OBSERVED TIME   RECORD YEAR NORMAL DEPARTURE LAST
                VALUE   (LST)  VALUE       VALUE  FROM      YEAR
                                                  NORMAL
...................................................................
TEMPERATURE (F)
 YESTERDAY
  MAXIMUM        110    530 PM 112    1936 104      6      110
                                      1974
                                      2019
  MINIMUM         75    520 AM  59    1913  78     -3       80
  AVERAGE         93                        91      2       95

PRECIPITATION (IN)
  YESTERDAY        0.00          0.92 1955   0.00   0.00     0.00
  MONTH TO DATE    0.00                      0.00   0.00      T
  SINCE OCT 1      1.51                      4.79  -3.28     5.80
  SINCE JAN 1      1.06                      2.92  -1.86     3.55

SNOWFALL (IN)
  YESTERDAY        0.0
  MONTH TO DATE    0.0
  SINCE JAN 1      0.0
  SINCE JUL 1      0.0
  SNOW DEPTH      MM

DEGREE DAYS
 HEATING
  YESTERDAY        0                         0      0        0
  MONTH TO DATE    0                         0      0        0
  SINCE JUN 1      0                         0      0        0
  SINCE JUL 1    854                       874    -20      832

 COOLING
  YESTERDAY       28                        26      2       30
  MONTH TO DATE  317                       288     29      317
  SINCE JUN 1    317                       288     29      317
  SINCE JAN 1   1346                      1198    148     1311
...................................................................


WIND (MPH)
  HIGHEST WIND SPEED    12   HIGHEST WIND DIRECTION     W (280)
  HIGHEST GUST SPEED    16   HIGHEST GUST DIRECTION     W (270)
  AVERAGE WIND SPEED     4.8


SKY COVER
  AVERAGE SKY COVER 0.1


WEATHER CONDITIONS
THE FOLLOWING WEATHER WAS RECORDED YESTERDAY.
  NO SIGNIFICANT WEATHER WAS OBSERVED.


RELATIVE HUMIDITY (PERCENT)
 HIGHEST    14           600 AM
 LOWEST      3           200 PM
 AVERAGE     9

..........................................................


THE PHOENIX AZ CLIMATE NORMALS FOR TODAY
                         NORMAL    RECORD    YEAR
 MAXIMUM TEMPERATURE (F)  104       114      1896
                                             1936
 MINIMUM TEMPERATURE (F)   78        59      1917


SUNRISE AND SUNSET
JUNE 13 2021..........SUNRISE   518 AM MST   SUNSET   739 PM MST
JUNE 14 2021..........SUNRISE   518 AM MST   SUNSET   739 PM MST


-  INDICATES NEGATIVE NUMBERS.
R  INDICATES RECORD WAS SET OR TIED.
MM INDICATES DATA IS MISSING.
T  INDICATES TRACE AMOUNT.




$$
