801
CDUS45 KPSR 280818
CLIPHX

CLIMATE REPORT
NATIONAL WEATHER SERVICE PHOENIX AZ
118 AM MST SAT NOV 28 2020

...................................

...THE PHOENIX AZ CLIMATE SUMMARY FOR NOVEMBER 27 2020...

CLIMATE NORMAL PERIOD 1981 TO 2010
CLIMATE RECORD PERIOD 1895 TO 2020


WEATHER ITEM   OBSERVED TIME   RECORD YEAR NORMAL DEPARTURE LAST
                VALUE   (LST)  VALUE       VALUE  FROM      YEAR
                                                  NORMAL
...................................................................
TEMPERATURE (F)
 YESTERDAY
  MAXIMUM         65    430 PM  87    2014  70     -5       68
  MINIMUM         47    745 AM  31    1966  48     -1       44
  AVERAGE         56                        59     -3       56

PRECIPITATION (IN)
  YESTERDAY        0.00          1.29 1919   0.03  -0.03     0.00
  MONTH TO DATE    T                         0.57  -0.57     0.84
  SINCE OCT 1      T                         1.15  -1.15     0.84
  SINCE JAN 1      4.55                      7.07  -2.52     4.52

SNOWFALL (IN)
  YESTERDAY        0.0
  MONTH TO DATE    0.0
  SINCE JAN 1      0.0
  SINCE JUL 1      0.0
  SNOW DEPTH      MM

DEGREE DAYS
 HEATING
  YESTERDAY        9                         6      3        9
  MONTH TO DATE   60                        78    -18       49
  SINCE SEP 1     73                        84    -11       60
  SINCE JUL 1     73                        84    -11       60

 COOLING
  YESTERDAY        0                         0      0        0
  MONTH TO DATE  166                        69     97      127
  SINCE SEP 1   1481                      1136    345     1214
  SINCE JAN 1   5416                      4605    811     4745
...................................................................


WIND (MPH)
  HIGHEST WIND SPEED    10   HIGHEST WIND DIRECTION     W (290)
  HIGHEST GUST SPEED    14   HIGHEST GUST DIRECTION    NW (330)
  AVERAGE WIND SPEED     3.7


SKY COVER
  AVERAGE SKY COVER 0.1


WEATHER CONDITIONS
THE FOLLOWING WEATHER WAS RECORDED YESTERDAY.
  NO SIGNIFICANT WEATHER WAS OBSERVED.


RELATIVE HUMIDITY (PERCENT)
 HIGHEST    40          1100 PM
 LOWEST     22           400 PM
 AVERAGE    31

..........................................................


THE PHOENIX AZ CLIMATE NORMALS FOR TODAY
                         NORMAL    RECORD    YEAR
 MAXIMUM TEMPERATURE (F)   70        86      1901
 MINIMUM TEMPERATURE (F)   48        32      1896


SUNRISE AND SUNSET
NOVEMBER 28 2020......SUNRISE   712 AM MST   SUNSET   520 PM MST
NOVEMBER 29 2020......SUNRISE   713 AM MST   SUNSET   520 PM MST


-  INDICATES NEGATIVE NUMBERS.
R  INDICATES RECORD WAS SET OR TIED.
MM INDICATES DATA IS MISSING.
T  INDICATES TRACE AMOUNT.




$$
