000
CDUS43 KILX 040726
CLIPIA

CLIMATE REPORT
NATIONAL WEATHER SERVICE LINCOLN IL
126 AM CST FRI DEC 04 2020

...................................

...THE PEORIA IL CLIMATE SUMMARY FOR DECEMBER 3 2020...

CLIMATE NORMAL PERIOD 1981 TO 2010
CLIMATE RECORD PERIOD 1883 TO 2020


WEATHER ITEM   OBSERVED TIME   RECORD YEAR NORMAL DEPARTURE LAST
                VALUE   (LST)  VALUE       VALUE  FROM      YEAR
                                                  NORMAL
...................................................................
TEMPERATURE (F)
 YESTERDAY
  MAXIMUM         49    122 PM  71    1970  41      8       44
  MINIMUM         19    423 AM  -4    1929  25     -6       24
  AVERAGE         34                        33      1       34

PRECIPITATION (IN)
  YESTERDAY        0.00          1.38 1887   0.09  -0.09     0.00
  MONTH TO DATE    0.00                      0.28  -0.28     0.11
  SINCE DEC 1      0.00                      0.28  -0.28     0.11
  SINCE JAN 1     39.95                     34.35   5.60    48.48

SNOWFALL (IN)
  YESTERDAY        0.0           2.0  1977   0.2   -0.2      0.0
  MONTH TO DATE    0.0                       0.5   -0.5      1.1
  SINCE DEC 1      0.0                       0.5   -0.5      1.1
  SINCE JUL 1      0.2                       1.6   -1.4      7.1
  SNOW DEPTH       0

DEGREE DAYS
 HEATING
  YESTERDAY       31                        32     -1       31
  MONTH TO DATE   99                        95      4       93
  SINCE DEC 1     99                        95      4       93
  SINCE JUL 1   1132                      1243   -111     1356

 COOLING
  YESTERDAY        0                         0      0        0
  MONTH TO DATE    0                         0      0        0
  SINCE DEC 1      0                         0      0        0
  SINCE JAN 1   1142                      1039    103     1232
...................................................................

WIND (MPH)
  HIGHEST WIND SPEED    15   HIGHEST WIND DIRECTION     W (270)
  HIGHEST GUST SPEED    21   HIGHEST GUST DIRECTION    SW (240)
  AVERAGE WIND SPEED     5.3

SKY COVER
  POSSIBLE SUNSHINE  MM
  AVERAGE SKY COVER 0.1

WEATHER CONDITIONS
THE FOLLOWING WEATHER WAS RECORDED YESTERDAY.
  NO SIGNIFICANT WEATHER WAS OBSERVED.

RELATIVE HUMIDITY (PERCENT)
 HIGHEST    81           200 AM
 LOWEST     37           100 PM
 AVERAGE    59

..........................................................

THE PEORIA IL CLIMATE NORMALS FOR TODAY
                         NORMAL    RECORD    YEAR
 MAXIMUM TEMPERATURE (F)   40        69      1998
 MINIMUM TEMPERATURE (F)   25        -6      1893

SUNRISE AND SUNSET
DECEMBER  4 2020......SUNRISE   707 AM CST   SUNSET   431 PM CST
DECEMBER  5 2020......SUNRISE   708 AM CST   SUNSET   431 PM CST

-  INDICATES NEGATIVE NUMBERS.
R  INDICATES RECORD WAS SET OR TIED.
MM INDICATES DATA IS MISSING.
T  INDICATES TRACE AMOUNT.

$$
GEELHART
