000
CDUS45 KPIH 040730
CLIPIH

CLIMATE REPORT
NATIONAL WEATHER SERVICE POCATELLO ID
1230 AM MST FRI DEC 04 2020

...................................

...THE POCATELLO ID CLIMATE SUMMARY FOR DECEMBER 3 2020...

CLIMATE NORMAL PERIOD 1981 TO 2010
CLIMATE RECORD PERIOD 1939 TO 2020


WEATHER ITEM   OBSERVED TIME   RECORD YEAR NORMAL DEPARTURE LAST
                VALUE   (LST)  VALUE       VALUE  FROM      YEAR
                                                  NORMAL
...................................................................
TEMPERATURE (F)
 YESTERDAY
  MAXIMUM         39    325 PM  58    1987  35      4       36
  MINIMUM          4    525 AM -17    1992  18    -14       30
  AVERAGE         22                        27     -5       33

PRECIPITATION (IN)
  YESTERDAY        0.00          0.81 1941   0.04  -0.04     0.08
  MONTH TO DATE    0.00                      0.13  -0.13     0.24
  SINCE OCT 1      1.02                      2.11  -1.09     0.75
  SINCE JAN 1      9.78                     11.02  -1.24    11.73

SNOWFALL (IN)
  YESTERDAY        0.0
  MONTH TO DATE    0.0
  SINCE DEC 1      0.0
  SINCE JUL 1      2.6
  SNOW DEPTH       0

DEGREE DAYS
 HEATING
  YESTERDAY       43                        38      5       32
  MONTH TO DATE  125                       114     11      117
  SINCE DEC 1    125                       114     11      117
  SINCE JUL 1   1712                      1842   -130     2047

 COOLING
  YESTERDAY        0                         0      0        0
  MONTH TO DATE    0                         0      0        0
  SINCE DEC 1      0                         0      0        0
  SINCE JAN 1    494                       392    102      417
...................................................................


WIND (MPH)
  HIGHEST WIND SPEED     9   HIGHEST WIND DIRECTION    NE (40)
  HIGHEST GUST SPEED    13   HIGHEST GUST DIRECTION    NE (60)
  AVERAGE WIND SPEED     3.2


SKY COVER
  POSSIBLE SUNSHINE  MM
  AVERAGE SKY COVER 0.0


WEATHER CONDITIONS
THE FOLLOWING WEATHER WAS RECORDED YESTERDAY.
  HAZE


RELATIVE HUMIDITY (PERCENT)
 HIGHEST    88           200 AM
 LOWEST     35           300 PM
 AVERAGE    62

..........................................................


THE POCATELLO ID CLIMATE NORMALS FOR TODAY
                         NORMAL    RECORD    YEAR
 MAXIMUM TEMPERATURE (F)   35        57      1946
 MINIMUM TEMPERATURE (F)   18       -22      1992


SUNRISE AND SUNSET
DECEMBER  4 2020......SUNRISE   745 AM MST   SUNSET   456 PM MST
DECEMBER  5 2020......SUNRISE   746 AM MST   SUNSET   456 PM MST


-  INDICATES NEGATIVE NUMBERS.
R  INDICATES RECORD WAS SET OR TIED.
MM INDICATES DATA IS MISSING.
T  INDICATES TRACE AMOUNT.




$$

MESSICK

$$
