000
CDUS43 KABR 260736
CLIPIR

CLIMATE REPORT
NATIONAL WEATHER SERVICE ABERDEEN SD
136 AM CST THU NOV 26 2020

...................................

...THE PIERRE SD CLIMATE SUMMARY FOR NOVEMBER 25 2020...

CLIMATE NORMAL PERIOD 1981 TO 2010
CLIMATE RECORD PERIOD 1892 TO 2020


WEATHER ITEM   OBSERVED TIME   RECORD YEAR NORMAL DEPARTURE LAST
                VALUE   (LST)  VALUE       VALUE  FROM      YEAR
                                                  NORMAL
...................................................................
TEMPERATURE (F)
 YESTERDAY
  MAXIMUM         49    327 PM  77    1960  39     10       46
  MINIMUM         14    620 AM -10    1977  19     -5       26
  AVERAGE         32                        29      3       36

PRECIPITATION (IN)
  YESTERDAY        T             0.70 1944   0.02  -0.02     0.00
  MONTH TO DATE    0.07                      0.66  -0.59     0.48
  SINCE SEP 1      1.59                      4.18  -2.59     5.20
  SINCE JAN 1     13.92                     19.36  -5.44    29.35

SNOWFALL (IN)
  YESTERDAY        T             6.8  1944   0.2   -0.2      0.0
  MONTH TO DATE    1.0                       4.3   -3.3      5.7
  SINCE OCT 1      7.4                       5.3    2.1     11.0
  SINCE JUL 1      7.4                       5.3    2.1     11.0
  SNOW DEPTH       0

DEGREE DAYS
 HEATING
  YESTERDAY       33                        36     -3       29
  MONTH TO DATE  588                       750   -162      779
  SINCE SEP 1   1403                      1411     -8     1573
  SINCE JUL 1   1408                      1431    -23     1589

 COOLING
  YESTERDAY        0                         0      0        0
  MONTH TO DATE    0                         0      0        0
  SINCE SEP 1     73                        91    -18       81
  SINCE JAN 1    955                       868     87      651
...................................................................


WIND (MPH)
  HIGHEST WIND SPEED    17   HIGHEST WIND DIRECTION    SE (130)
  HIGHEST GUST SPEED    22   HIGHEST GUST DIRECTION    SE (130)
  AVERAGE WIND SPEED     5.6


SKY COVER
  AVERAGE SKY COVER 0.1


WEATHER CONDITIONS
THE FOLLOWING WEATHER WAS RECORDED YESTERDAY.
  LIGHT SNOW
  FOG
  FOG W/VISIBILITY <= 1/4 MILE


RELATIVE HUMIDITY (PERCENT)
 HIGHEST    92           800 AM
 LOWEST     40           300 PM
 AVERAGE    66

..........................................................


THE PIERRE SD CLIMATE NORMALS FOR TODAY
                         NORMAL    RECORD    YEAR
 MAXIMUM TEMPERATURE (F)   38        69      1998
 MINIMUM TEMPERATURE (F)   18        -6      1985


SUNRISE AND SUNSET
NOVEMBER 26 2020......SUNRISE   752 AM CST   SUNSET   505 PM CST
NOVEMBER 27 2020......SUNRISE   753 AM CST   SUNSET   505 PM CST


-  INDICATES NEGATIVE NUMBERS.
R  INDICATES RECORD WAS SET OR TIED.
MM INDICATES DATA IS MISSING.
T  INDICATES TRACE AMOUNT.




$$
