000
CDUS41 KPBZ 290649
CLIPIT

CLIMATE REPORT
NATIONAL WEATHER SERVICE PITTSBURGH PA
149 AM EST SUN NOV 29 2020

...................................

...THE PITTSBURGH PA CLIMATE SUMMARY FOR NOVEMBER 28 2020...

CLIMATE NORMAL PERIOD 1981 TO 2010
CLIMATE RECORD PERIOD 1871 TO 2020


WEATHER ITEM   OBSERVED TIME   RECORD YEAR NORMAL DEPARTURE LAST
                VALUE   (LST)  VALUE       VALUE  FROM      YEAR
                                                  NORMAL
...................................................................
TEMPERATURE (F)
 YESTERDAY
  MAXIMUM         46    320 PM  73    1990  46      0       39
  MINIMUM         32   1134 PM   8    1930  31      1       35
  AVERAGE         39                        38      1       37

PRECIPITATION (IN)
  YESTERDAY        0.00          1.11 1958   0.11  -0.11      T
  MONTH TO DATE    1.68                      3.01  -1.33     1.63
  SINCE SEP 1      5.89                      8.41  -2.52    14.16
  SINCE JAN 1     35.46                     35.12   0.34    48.92

SNOWFALL (IN)
  YESTERDAY        0.0          10.4  1958   0.2   -0.2       T
  MONTH TO DATE    0.8                       1.9   -1.1      3.0
  SINCE SEP 1      0.8                       2.3   -1.5      3.0
  SNOW DEPTH       0

DEGREE DAYS
 HEATING
  YESTERDAY       26                        27     -1       28
  MONTH TO DATE  494                       607   -113      752
  SINCE SEP 1    927                      1095   -168     1062
  SINCE JUL 1    927                      1108   -181     1063

 COOLING
  YESTERDAY        0                         0      0        0
  MONTH TO DATE    0                         0      0        0
  SINCE SEP 1     93                        84      9      173
  SINCE JAN 1    984                       736    248      934
...................................................................


WIND (MPH)
  HIGHEST WIND SPEED    17   HIGHEST WIND DIRECTION    NW (310)
  HIGHEST GUST SPEED    21   HIGHEST GUST DIRECTION    NW (310)
  AVERAGE WIND SPEED     6.5


SKY COVER
  POSSIBLE SUNSHINE  MM
  AVERAGE SKY COVER 0.4


WEATHER CONDITIONS
THE FOLLOWING WEATHER WAS RECORDED YESTERDAY.
  NO SIGNIFICANT WEATHER WAS OBSERVED.


RELATIVE HUMIDITY (PERCENT)
 HIGHEST    89           700 AM
 LOWEST     43           400 PM
 AVERAGE    66

..........................................................


THE PITTSBURGH PA CLIMATE NORMALS FOR TODAY
                         NORMAL    RECORD    YEAR
 MAXIMUM TEMPERATURE (F)   45        67      1927
 MINIMUM TEMPERATURE (F)   31         4      1958
                                             1976


SUNRISE AND SUNSET
NOVEMBER 29 2020......SUNRISE   723 AM EST   SUNSET   455 PM EST
NOVEMBER 30 2020......SUNRISE   724 AM EST   SUNSET   455 PM EST


-  INDICATES NEGATIVE NUMBERS.
R  INDICATES RECORD WAS SET OR TIED.
MM INDICATES DATA IS MISSING.
T  INDICATES TRACE AMOUNT.




$$
