000
CDUS41 KRLX 260829
CLIPKB

CLIMATE REPORT
NATIONAL WEATHER SERVICE CHARLESTON WV
329 AM EST THU NOV 26 2020

...................................

...THE PARKERSBURG WV CLIMATE SUMMARY FOR NOVEMBER 25 2020...

CLIMATE NORMAL PERIOD: 1981 TO 2010
CLIMATE RECORD PERIOD: 1926 TO 2020


WEATHER ITEM   OBSERVED TIME   RECORD YEAR NORMAL DEPARTURE LAST
                VALUE   (LST)  VALUE       VALUE  FROM      YEAR
                                                  NORMAL
...................................................................
TEMPERATURE (F)
 YESTERDAY
  MAXIMUM         61  11:59 PM  72    1979  51     10       56
  MINIMUM         34   1:04 AM   9    1950  33      1       35
  AVERAGE         48                        42      6       46

PRECIPITATION (IN)
  YESTERDAY        0.14          1.18 1964   0.11   0.03     0.00
  MONTH TO DATE    1.58                      2.79  -1.21     1.72
  SINCE SEP 1      6.76                      8.73  -1.97     8.03
  SINCE JAN 1     40.10                     37.52   2.58    41.48

DEGREE DAYS
 HEATING
  YESTERDAY       17                        23     -6       19
  MONTH TO DATE  313                       470   -157      652
  SINCE SEP 1    663                       859   -196      873
  SINCE JUL 1    663                       864   -201      873

 COOLING
  YESTERDAY        0                         0      0        0
  MONTH TO DATE    5                         0      5        0
  SINCE SEP 1    131                       123      8      285
  SINCE JAN 1   1186                       953    233     1255
...................................................................


WIND (MPH)
  HIGHEST WIND SPEED    16   HIGHEST WIND DIRECTION     S (170)
  HIGHEST GUST SPEED    21   HIGHEST GUST DIRECTION     S (170)
  AVERAGE WIND SPEED     6.3


SKY COVER
  AVERAGE SKY COVER 0.7


WEATHER CONDITIONS
THE FOLLOWING WEATHER WAS RECORDED YESTERDAY.
  RAIN
  LIGHT RAIN


RELATIVE HUMIDITY (PERCENT)
 HIGHEST    88
 LOWEST     44
 AVERAGE    66

..........................................................


THE PARKERSBURG WV CLIMATE NORMALS FOR TODAY
                         NORMAL    RECORD    YEAR
 MAXIMUM TEMPERATURE (F)   50        71      1979
 MINIMUM TEMPERATURE (F)   33        14      1950


SUNRISE AND SUNSET
NOVEMBER 26 2020......SUNRISE   7:22 AM EST   SUNSET   5:04 PM EST
NOVEMBER 27 2020......SUNRISE   7:23 AM EST   SUNSET   5:04 PM EST


-  INDICATES NEGATIVE NUMBERS.
R  INDICATES RECORD WAS SET OR TIED.
MM INDICATES DATA IS MISSING.
T  INDICATES TRACE AMOUNT.




$$
