110
CDUS43 KFGF 290644
CLIPKD

CLIMATE REPORT
NATIONAL WEATHER SERVICE GRAND FORKS
1244 AM CST SUN NOV 29 2020

...................................

...THE PARK RAPIDS MN CLIMATE SUMMARY FOR NOVEMBER 28 2020...

CLIMATE NORMAL PERIOD 1981 TO 2010
CLIMATE RECORD PERIOD 1885 TO 2020


WEATHER ITEM   OBSERVED TIME   RECORD YEAR NORMAL DEPARTURE LAST
                VALUE   (LST)  VALUE       VALUE  FROM      YEAR
                                                  NORMAL
...................................................................
TEMPERATURE (F)
 YESTERDAY
  MAXIMUM         46    156 PM  51    1928  27     19       22
  MINIMUM         23    715 AM -23    1976  11     12       19
  AVERAGE         35                        19     16       21

PRECIPITATION (IN)
  YESTERDAY        0.00          1.00 1905   0.02  -0.02     0.00
  MONTH TO DATE    0.82                      0.91  -0.09     0.23
  SINCE SEP 1      3.34                      6.64  -3.30     9.68
  SINCE JAN 1     20.55                     25.54  -4.99    27.19

DEGREE DAYS
 HEATING
  YESTERDAY       30                        46    -16       44
  MONTH TO DATE  894                      1068   -174     1118
  SINCE SEP 1   2082                      2050     32     2087
  SINCE JUL 1   2118                      2159    -41     2173

 COOLING
  YESTERDAY        0                         0      0        0
  MONTH TO DATE    0                         0      0        0
  SINCE SEP 1      0                        22    -22       37
  SINCE JAN 1    428                       301    127      331
...................................................................


WIND (MPH)
  HIGHEST WIND SPEED    25   HIGHEST WIND DIRECTION    NW (300)
  HIGHEST GUST SPEED    34   HIGHEST GUST DIRECTION    NW (310)
  AVERAGE WIND SPEED     7.9


SKY COVER
  POSSIBLE SUNSHINE  MM
  AVERAGE SKY COVER 0.0


WEATHER CONDITIONS
THE FOLLOWING WEATHER WAS RECORDED YESTERDAY.
  NO SIGNIFICANT WEATHER WAS OBSERVED.


RELATIVE HUMIDITY (PERCENT)
 HIGHEST    77          1200 AM
 LOWEST     49           200 PM
 AVERAGE    63

..........................................................


THE PARK RAPIDS MN CLIMATE NORMALS FOR TODAY
                         NORMAL    RECORD    YEAR
 MAXIMUM TEMPERATURE (F)   27        50      1932
 MINIMUM TEMPERATURE (F)   10       -32      1896


SUNRISE AND SUNSET
NOVEMBER 29 2020......SUNRISE   743 AM CST   SUNSET   434 PM CST
NOVEMBER 30 2020......SUNRISE   744 AM CST   SUNSET   434 PM CST


-  INDICATES NEGATIVE NUMBERS.
R  INDICATES RECORD WAS SET OR TIED.
MM INDICATES DATA IS MISSING.
T  INDICATES TRACE AMOUNT.




$$
