692
CDUS44 KMOB 290639
CLIPNS


CLIMATE REPORT
NATIONAL WEATHER SERVICE MOBILE AL
1238 AM CST SUN NOV 29 2020


...................................

...THE PENSACOLA CLIMATE SUMMARY FOR NOVEMBER 28 2020...

CLIMATE NORMAL PERIOD 1981 TO 2010
CLIMATE RECORD PERIOD 1879 TO 2020


WEATHER ITEM   OBSERVED TIME   RECORD YEAR NORMAL DEPARTURE LAST
                VALUE   (LST)  VALUE       VALUE  FROM      YEAR
                                                  NORMAL
..................................................................
TEMPERATURE (F)
 YESTERDAY
  MAXIMUM         74   1149 AM  82    2005  67      7       75
                                      1990
  MINIMUM         62   1159 PM  26    1938  48     14       53
  AVERAGE         68                        57     11       64

PRECIPITATION (IN)
  YESTERDAY        0.04          2.40 2005   0.16  -0.12     0.00
  MONTH TO DATE    0.70                      4.40  -3.70     1.09
  SINCE MAR 1     59.98                     50.70   9.28    40.29
  SINCE JAN 1     70.21                     60.39   9.82    45.40

SNOWFALL (IN)
  YESTERDAY        0.0           0.0  2002   0.0    0.0      0.0
                                      2001
                                      2000
  MONTH TO DATE    0.0                       0.0    0.0      0.0
  SINCE MAR 1      0.0                       0.0    0.0      0.0
  SINCE JUL 1      0.0                       0.0    0.0      0.0
  SNOW DEPTH       0

DEGREE DAYS
 HEATING
  YESTERDAY        0                         9     -9        1
  MONTH TO DATE   43                       155   -112      188
  SINCE SEP 1     53                       193   -140      197
  SINCE JUL 1     53                       193   -140      197

 COOLING
  YESTERDAY        3                         1      2        0
  MONTH TO DATE  135                        44     91       30
  SINCE SEP 1    848                       627    221      943
  SINCE JAN 1   3253                      2594    659     3312
..................................................................


WIND (MPH)
  HIGHEST WIND SPEED    15   HIGHEST WIND DIRECTION     N (340)
  HIGHEST GUST SPEED    23   HIGHEST GUST DIRECTION     N (360)
  AVERAGE WIND SPEED     7.2


SKY COVER
  POSSIBLE SUNSHINE  MM
  AVERAGE SKY COVER 0.5


WEATHER CONDITIONS
 THE FOLLOWING WEATHER WAS RECORDED YESTERDAY.
  LIGHT RAIN


RELATIVE HUMIDITY (PERCENT)
 HIGHEST   100           400 AM
 LOWEST     64          1200 PM
 AVERAGE    82

..........................................................


THE PENSACOLA CLIMATE NORMALS FOR TODAY
                         NORMAL    RECORD    YEAR
 MAXIMUM TEMPERATURE (F)   66        81      2016
 MINIMUM TEMPERATURE (F)   48        27      1955


SUNRISE AND SUNSET
NOVEMBER 29 2020......SUNRISE   627 AM CST   SUNSET   448 PM CST
NOVEMBER 30 2020......SUNRISE   628 AM CST   SUNSET   448 PM CST


-  INDICATES NEGATIVE NUMBERS.
R  INDICATES RECORD WAS SET OR TIED.
MM INDICATES DATA IS MISSING.
T  INDICATES TRACE AMOUNT.




$$
