000
CDUS43 KPAH 260642
CLIPOF

CLIMATE REPORT
NATIONAL WEATHER SERVICE PADUCAH
1242 AM CST THU NOV 26 2020

...................................

...THE POPLAR BLUFF MO CLIMATE SUMMARY FOR NOVEMBER 25 2020...

CLIMATE NORMAL PERIOD 1981 TO 2010
CLIMATE RECORD PERIOD 1893 TO 2020


WEATHER ITEM   OBSERVED TIME   RECORD YEAR NORMAL DEPARTURE LAST
                VALUE   (LST)  VALUE       VALUE  FROM      YEAR
                                                  NORMAL
...................................................................
TEMPERATURE (F)
 YESTERDAY
  MAXIMUM         60    954 AM  71    1926  53      7       62
                                      1942
                                      1966
  MINIMUM         47   1159 PM   4    1950  34     13       32
  AVERAGE         54                        43     11       47

PRECIPITATION (IN)
  YESTERDAY        0.83          3.30 1973   0.15   0.68     0.00
  MONTH TO DATE    2.59                      4.25  -1.66     5.24
  SINCE SEP 1     12.96                     12.18   0.78    12.05
  SINCE JAN 1     58.26                     43.46  14.80    65.97

DEGREE DAYS
 HEATING
  YESTERDAY       11                        22    -11       18
  MONTH TO DATE  298                       416   -118      575
  SINCE SEP 1    599                       669    -70      827
  SINCE JUL 1    599                       669    -70      827

 COOLING
  YESTERDAY        0                         0      0        0
  MONTH TO DATE   11                         0     11        0
  SINCE SEP 1    219                       213      6      425
  SINCE JAN 1   1598                      1561     37     1830
...................................................................


WIND (MPH)
  HIGHEST WIND SPEED    22   HIGHEST WIND DIRECTION    NW (300)
  HIGHEST GUST SPEED    34   HIGHEST GUST DIRECTION    SW (210)
  AVERAGE WIND SPEED    10.0


SKY COVER
  AVERAGE SKY COVER 0.9


WEATHER CONDITIONS
THE FOLLOWING WEATHER WAS RECORDED YESTERDAY.
  HEAVY RAIN
  RAIN
  LIGHT RAIN
  FOG


RELATIVE HUMIDITY (PERCENT)
 HIGHEST    96           800 AM
 LOWEST     62           200 PM
 AVERAGE    79

..........................................................


THE POPLAR BLUFF MO CLIMATE NORMALS FOR TODAY
                         NORMAL    RECORD    YEAR
 MAXIMUM TEMPERATURE (F)   52        77      1915
                                             1927
 MINIMUM TEMPERATURE (F)   34        16      1928


SUNRISE AND SUNSET
NOVEMBER 26 2020......SUNRISE   651 AM CST   SUNSET   446 PM CST
NOVEMBER 27 2020......SUNRISE   652 AM CST   SUNSET   446 PM CST


-  INDICATES NEGATIVE NUMBERS.
R  INDICATES RECORD WAS SET OR TIED.
MM INDICATES DATA IS MISSING.
T  INDICATES TRACE AMOUNT.




$$
