000
CDUS41 KALY 260650
CLIPOU

CLIMATE REPORT
NATIONAL WEATHER SERVICE ALBANY NY
150 AM EST THU NOV 26 2020

...................................

...THE POUGHKEEPSIE NY CLIMATE SUMMARY FOR NOVEMBER 25 2020...

CLIMATE NORMAL PERIOD: 1981 TO 2010
CLIMATE RECORD PERIOD: 1931 TO 2020


WEATHER ITEM   OBSERVED TIME   RECORD YEAR NORMAL DEPARTURE LAST
                VALUE   (LST)  VALUE       VALUE  FROM      YEAR
                                                  NORMAL
...................................................................
TEMPERATURE (F)
 YESTERDAY
  MAXIMUM         53  12:22 PM  66    1999  49      4       53
                                      2001
                                      2014
  MINIMUM         31   7:21 AM   9    1938  29      2       28
  AVERAGE         42                        39      3       41

PRECIPITATION (IN)
  YESTERDAY        T             2.52 1950   0.11  -0.11     0.00
  MONTH TO DATE    1.58                      2.88  -1.30     3.32
  SINCE SEP 1      8.28                     11.63  -3.35     9.73
  SINCE JAN 1     28.12                     42.41 -14.29    36.38

DEGREE DAYS
 HEATING
  YESTERDAY       23                        26     -3       24
  MONTH TO DATE  481                       563    -82      696
  SINCE SEP 1    924                      1122   -198     1087
  SINCE JUL 1    926                      1139   -213     1091

 COOLING
  YESTERDAY        0                         0      0        0
  MONTH TO DATE    0                         0      0        0
  SINCE SEP 1     84                        68     16       71
  SINCE JAN 1   1020                       672    348      808
...................................................................


WIND (MPH)
  HIGHEST WIND SPEED    15   HIGHEST WIND DIRECTION     S (170)
  HIGHEST GUST SPEED    20   HIGHEST GUST DIRECTION     S (190)
  AVERAGE WIND SPEED     2.4


SKY COVER
  AVERAGE SKY COVER 0.7


RELATIVE HUMIDITY (PERCENT)
 HIGHEST    85           7:00 AM
 LOWEST     48           1:00 PM
 AVERAGE    67

..........................................................


THE POUGHKEEPSIE NY CLIMATE NORMALS FOR TODAY
                         NORMAL    RECORD    YEAR
 MAXIMUM TEMPERATURE (F)   48        66      1979
 MINIMUM TEMPERATURE (F)   28         6      1938


SUNRISE AND SUNSET
NOVEMBER 26 2020......SUNRISE   6:58 AM EST   SUNSET   4:28 PM EST
NOVEMBER 27 2020......SUNRISE   6:59 AM EST   SUNSET   4:27 PM EST


-  INDICATES NEGATIVE NUMBERS.
R  INDICATES RECORD WAS SET OR TIED.
MM INDICATES DATA IS MISSING.
T  INDICATES TRACE AMOUNT.




$$
