000
CDUS46 KLOX 040905
CLIPRB


CLIMATE REPORT
NATIONAL WEATHER SERVICE LOS ANGELES/OXNARD CA
104 AM PST FRI DEC 4 2020


...................................

...THE PASO ROBLES AIRPORT CA CLIMATE SUMMARY FOR DECEMBER 3 2020...

CLIMATE NORMAL PERIOD 1981 TO 2010
CLIMATE RECORD PERIOD 1948 TO 2020


WEATHER ITEM   OBSERVED TIME   RECORD YEAR NORMAL DEPARTURE LAST
                VALUE   (LST)  VALUE       VALUE  FROM      YEAR
                                                  NORMAL
..................................................................
TEMPERATURE (F)
 YESTERDAY
  MAXIMUM         75    249 PM  81    1958  61     14       58
  MINIMUM         28    658 AM  22    1990  35     -7       44
  AVERAGE         52                        48      4       51

PRECIPITATION (IN)
  YESTERDAY        0.00          1.23 1974   0.04  -0.04     0.13
  MONTH TO DATE    0.00                      0.13  -0.13     0.84
  SINCE OCT 1      0.28                      1.78  -1.50     2.35
  SINCE JAN 1      5.74                     10.90  -5.16    13.63

SNOWFALL (IN)
  YESTERDAY        0.0
  MONTH TO DATE    0.0
  SINCE DEC 1      0.0
  SINCE JUL 1      0.0

DEGREE DAYS
 HEATING
  YESTERDAY       13                        17     -4       14
  MONTH TO DATE   42                        51     -9       35
  SINCE DEC 1     42                        51     -9       35
  SINCE JUL 1    467                       600   -133      509

 COOLING
  YESTERDAY        0                         0      0        0
  MONTH TO DATE    0                         0      0        0
  SINCE DEC 1      0                         0      0        0
  SINCE JAN 1   1367                       927    440     1063
..................................................................


WIND (MPH)
  HIGHEST WIND SPEED     9   HIGHEST WIND DIRECTION    NE (50)
  HIGHEST GUST SPEED    10   HIGHEST GUST DIRECTION    NE (60)
  AVERAGE WIND SPEED     1.7


SKY COVER
  POSSIBLE SUNSHINE  MM
  AVERAGE SKY COVER 0.0


WEATHER CONDITIONS
 THE FOLLOWING WEATHER WAS RECORDED YESTERDAY.
  HAZE


RELATIVE HUMIDITY (PERCENT)
 HIGHEST    75           700 AM
 LOWEST      9           200 PM
 AVERAGE    42

..........................................................


THE PASO ROBLES AIRPORT CA CLIMATE NORMALS FOR TODAY
                         NORMAL    RECORD    YEAR
 MAXIMUM TEMPERATURE (F)   61        83      1958
 MINIMUM TEMPERATURE (F)   34        21      1990


SUNRISE AND SUNSET
DECEMBER  4 2020......SUNRISE   657 AM PST   SUNSET   449 PM PST
DECEMBER  5 2020......SUNRISE   658 AM PST   SUNSET   449 PM PST


-  INDICATES NEGATIVE NUMBERS.
R  INDICATES RECORD WAS SET OR TIED.
MM INDICATES DATA IS MISSING.
T  INDICATES TRACE AMOUNT.




$$
